Last updated on 2024-04-23 06:57:08 CEST.
Flavor | Version | Tinstall | Tcheck | Ttotal | Status | Flags |
---|---|---|---|---|---|---|
r-devel-linux-x86_64-debian-clang | 1.4 | 5.87 | 49.49 | 55.36 | NOTE | |
r-devel-linux-x86_64-debian-gcc | 1.4 | 3.67 | 37.12 | 40.79 | NOTE | |
r-devel-linux-x86_64-fedora-clang | 1.4 | 70.81 | NOTE | |||
r-devel-linux-x86_64-fedora-gcc | 1.4 | 93.40 | NOTE | |||
r-prerel-macos-arm64 | 1.4 | 29.00 | NOTE | |||
r-prerel-windows-x86_64 | 1.4 | 5.00 | 66.00 | 71.00 | NOTE | |
r-patched-linux-x86_64 | 1.4 | 8.66 | 48.09 | 56.75 | NOTE | |
r-release-linux-x86_64 | 1.4 | 4.52 | 46.93 | 51.45 | OK | |
r-release-macos-arm64 | 1.4 | 31.00 | OK | |||
r-release-macos-x86_64 | 1.4 | 48.00 | OK | |||
r-release-windows-x86_64 | 1.4 | 8.00 | 70.00 | 78.00 | OK | |
r-oldrel-macos-arm64 | 1.4 | 30.00 | OK | |||
r-oldrel-windows-x86_64 | 1.4 | 8.00 | 61.00 | 69.00 | OK |
Version: 1.4
Check: Rd files
Result: NOTE
checkRd: (-1) add_bars.Rd:15: Lost braces
15 | When \\code{y0} is not specified, the lowest value of the y-axis is used.}
| ^
checkRd: (-1) add_bars.Rd:24: Lost braces
24 | \\code{\\link[graphics]{par}}.}
| ^
checkRd: (-1) add_bars.Rd:24: Lost braces
24 | \\code{\\link[graphics]{par}}.}
| ^
Flavors: r-devel-linux-x86_64-debian-clang, r-devel-linux-x86_64-debian-gcc, r-devel-linux-x86_64-fedora-clang, r-devel-linux-x86_64-fedora-gcc, r-prerel-macos-arm64, r-prerel-windows-x86_64, r-patched-linux-x86_64