Last updated on 2024-05-07 18:49:55 CEST.
Flavor | Version | Tinstall | Tcheck | Ttotal | Status | Flags |
---|---|---|---|---|---|---|
r-devel-linux-x86_64-debian-clang | 0.2.3 | 10.75 | 109.68 | 120.43 | OK | |
r-devel-linux-x86_64-debian-gcc | 0.2.3 | 11.36 | 78.95 | 90.31 | OK | |
r-devel-linux-x86_64-fedora-clang | 0.2.3 | 152.68 | NOTE | |||
r-devel-linux-x86_64-fedora-gcc | 0.2.3 | 181.09 | NOTE | |||
r-devel-windows-x86_64 | 0.2.3 | 12.00 | 99.00 | 111.00 | OK | |
r-patched-linux-x86_64 | 0.2.3 | 10.96 | 102.33 | 113.29 | OK | |
r-release-linux-x86_64 | 0.2.3 | 8.26 | 103.10 | 111.36 | OK | |
r-release-macos-arm64 | 0.2.3 | 53.00 | OK | |||
r-release-macos-x86_64 | 0.2.3 | 116.00 | OK | |||
r-release-windows-x86_64 | 0.2.3 | 12.00 | 99.00 | 111.00 | OK | |
r-oldrel-macos-arm64 | 0.2.3 | 61.00 | OK | |||
r-oldrel-macos-x86_64 | 0.2.3 | 130.00 | OK | |||
r-oldrel-windows-x86_64 | 0.2.3 | 16.00 | 112.00 | 128.00 | OK |
Version: 0.2.3
Check: data for non-ASCII characters
Result: NOTE
Note: found 17 marked UTF-8 strings
Flavors: r-devel-linux-x86_64-fedora-clang, r-devel-linux-x86_64-fedora-gcc