Last updated on 2024-04-23 06:57:09 CEST.
Flavor | Version | Tinstall | Tcheck | Ttotal | Status | Flags |
---|---|---|---|---|---|---|
r-devel-linux-x86_64-debian-clang | 1.1.6 | 9.95 | 65.48 | 75.43 | NOTE | |
r-devel-linux-x86_64-debian-gcc | 1.1.6 | 6.73 | 49.08 | 55.81 | NOTE | |
r-devel-linux-x86_64-fedora-clang | 1.1.6 | 93.48 | NOTE | |||
r-devel-linux-x86_64-fedora-gcc | 1.1.6 | 86.45 | NOTE | |||
r-prerel-macos-arm64 | 1.1.6 | 27.00 | NOTE | |||
r-prerel-windows-x86_64 | 1.1.6 | 11.00 | 69.00 | 80.00 | NOTE | |
r-patched-linux-x86_64 | 1.1.6 | 7.02 | 62.28 | 69.30 | NOTE | |
r-release-linux-x86_64 | 1.1.6 | 5.06 | 62.03 | 67.09 | OK | |
r-release-macos-arm64 | 1.1.6 | 31.00 | OK | |||
r-release-macos-x86_64 | 1.1.6 | 40.00 | OK | |||
r-release-windows-x86_64 | 1.1.6 | 11.00 | 78.00 | 89.00 | OK | |
r-oldrel-macos-arm64 | 1.1.6 | 31.00 | OK | |||
r-oldrel-windows-x86_64 | 1.1.6 | 11.00 | 78.00 | 89.00 | OK |
Version: 1.1.6
Check: Rd files
Result: NOTE
checkRd: (-1) preference-package.Rd:48-49: Lost braces in \itemize; meant \describe ?
checkRd: (-1) preference-package.Rd:50-51: Lost braces in \itemize; meant \describe ?
checkRd: (-1) preference-package.Rd:52-53: Lost braces in \itemize; meant \describe ?
checkRd: (-1) preference-package.Rd:58-60: Lost braces in \itemize; meant \describe ?
checkRd: (-1) preference-package.Rd:61-63: Lost braces in \itemize; meant \describe ?
checkRd: (-1) preference-package.Rd:68-69: Lost braces in \itemize; meant \describe ?
checkRd: (-1) preference-package.Rd:70-71: Lost braces in \itemize; meant \describe ?
checkRd: (-1) preference-package.Rd:72-73: Lost braces in \itemize; meant \describe ?
checkRd: (-1) preference-package.Rd:78-79: Lost braces in \itemize; meant \describe ?
checkRd: (-1) preference-package.Rd:80-81: Lost braces in \itemize; meant \describe ?
checkRd: (-1) preference.Rd:21: Lost braces in \itemize; meant \describe ?
checkRd: (-1) preference.Rd:22-23: Lost braces in \itemize; meant \describe ?
checkRd: (-1) preference.Rd:24-25: Lost braces in \itemize; meant \describe ?
checkRd: (-1) preference.Rd:26-27: Lost braces in \itemize; meant \describe ?
Flavors: r-devel-linux-x86_64-debian-clang, r-devel-linux-x86_64-debian-gcc, r-devel-linux-x86_64-fedora-clang, r-devel-linux-x86_64-fedora-gcc, r-prerel-macos-arm64, r-prerel-windows-x86_64, r-patched-linux-x86_64