Last updated on 2024-03-28 17:49:38 CET.
Flavor | Version | Tinstall | Tcheck | Ttotal | Status | Flags |
---|---|---|---|---|---|---|
r-devel-linux-x86_64-debian-clang | 8.0.3 | 590.64 | 493.31 | 1083.95 | NOTE | |
r-devel-linux-x86_64-debian-gcc | 8.0.3 | 449.77 | 353.35 | 803.12 | NOTE | |
r-devel-linux-x86_64-fedora-clang | 8.0.3 | 1491.97 | NOTE | |||
r-devel-linux-x86_64-fedora-gcc | 8.0.3 | 1514.91 | NOTE | |||
r-devel-windows-x86_64 | 8.0.3 | 444.00 | 374.00 | 818.00 | NOTE | |
r-patched-linux-x86_64 | 8.0.3 | 568.24 | 476.40 | 1044.64 | NOTE | |
r-release-linux-x86_64 | 8.0.3 | 548.18 | 479.95 | 1028.13 | NOTE | |
r-release-macos-arm64 | 8.0.3 | 279.00 | NOTE | |||
r-release-macos-x86_64 | 8.0.3 | 387.00 | NOTE | |||
r-release-windows-x86_64 | 8.0.3 | 547.00 | 511.00 | 1058.00 | NOTE | |
r-oldrel-macos-arm64 | 8.0.3 | 239.00 | NOTE | |||
r-oldrel-windows-x86_64 | 8.0.3 | 508.00 | 441.00 | 949.00 | NOTE |
Version: 8.0.3
Check: package dependencies
Result: NOTE
Packages suggested but not available for checking:
'gurobi', 'rcbc', 'cplexAPI'
Flavors: r-devel-linux-x86_64-debian-clang, r-devel-linux-x86_64-debian-gcc, r-devel-linux-x86_64-fedora-clang, r-devel-linux-x86_64-fedora-gcc, r-devel-windows-x86_64, r-patched-linux-x86_64, r-release-linux-x86_64, r-release-macos-arm64, r-release-macos-x86_64, r-release-windows-x86_64, r-oldrel-macos-arm64, r-oldrel-windows-x86_64
Version: 8.0.3
Check: installed package size
Result: NOTE
installed size is 8.8Mb
sub-directories of 1Mb or more:
R 1.3Mb
doc 4.7Mb
Flavors: r-devel-linux-x86_64-fedora-clang, r-devel-windows-x86_64, r-release-macos-arm64, r-release-macos-x86_64, r-release-windows-x86_64, r-oldrel-macos-arm64, r-oldrel-windows-x86_64