Last updated on 2024-03-28 17:49:38 CET.
Flavor | Version | Tinstall | Tcheck | Ttotal | Status | Flags |
---|---|---|---|---|---|---|
r-devel-linux-x86_64-debian-clang | 0.1.2 | 34.21 | 265.96 | 300.17 | OK | |
r-devel-linux-x86_64-debian-gcc | 0.1.2 | 25.13 | 187.80 | 212.93 | OK | |
r-devel-linux-x86_64-fedora-clang | 0.1.2 | 340.46 | NOTE | |||
r-devel-linux-x86_64-fedora-gcc | 0.1.2 | 333.82 | NOTE | |||
r-devel-windows-x86_64 | 0.1.2 | 24.00 | 157.00 | 181.00 | OK | |
r-patched-linux-x86_64 | 0.1.2 | 18.25 | 252.87 | 271.12 | OK | |
r-release-linux-x86_64 | 0.1.2 | 17.12 | 250.29 | 267.41 | OK | |
r-release-macos-arm64 | 0.1.2 | 32.00 | OK | |||
r-release-macos-x86_64 | 0.1.2 | 48.00 | OK | |||
r-release-windows-x86_64 | 0.1.2 | 32.00 | 217.00 | 249.00 | OK | |
r-oldrel-macos-arm64 | 0.1.2 | 33.00 | NOTE | |||
r-oldrel-windows-x86_64 | 0.1.2 | 31.00 | 206.00 | 237.00 | OK |
Version: 0.1.2
Check: data for non-ASCII characters
Result: NOTE
Note: found 2 marked UTF-8 strings
Flavors: r-devel-linux-x86_64-fedora-clang, r-devel-linux-x86_64-fedora-gcc, r-oldrel-macos-arm64