Last updated on 2024-03-28 17:49:38 CET.
Flavor | Version | Tinstall | Tcheck | Ttotal | Status | Flags |
---|---|---|---|---|---|---|
r-devel-linux-x86_64-debian-clang | 0.99-3 | 5.32 | 99.20 | 104.52 | NOTE | |
r-devel-linux-x86_64-debian-gcc | 0.99-3 | 4.65 | 70.62 | 75.27 | NOTE | |
r-devel-linux-x86_64-fedora-clang | 0.99-3 | 125.61 | NOTE | |||
r-devel-linux-x86_64-fedora-gcc | 0.99-3 | 134.23 | NOTE | |||
r-devel-windows-x86_64 | 0.99-3 | 5.00 | 109.00 | 114.00 | NOTE | |
r-patched-linux-x86_64 | 0.99-3 | 4.22 | 92.54 | 96.76 | NOTE | |
r-release-linux-x86_64 | 0.99-3 | 6.39 | 102.78 | 109.17 | OK | |
r-release-macos-arm64 | 0.99-3 | 51.00 | OK | |||
r-release-macos-x86_64 | 0.99-3 | 81.00 | OK | |||
r-release-windows-x86_64 | 0.99-3 | 6.00 | 118.00 | 124.00 | OK | |
r-oldrel-macos-arm64 | 0.99-3 | 42.00 | OK | |||
r-oldrel-windows-x86_64 | 0.99-3 | 8.00 | 125.00 | 133.00 | OK |
Version: 0.99-3
Check: Rd files
Result: NOTE
checkRd: (-1) proftools-package.Rd:40: Lost braces
40 | by the code{kcachegrind} program available on some operating
| ^
Flavors: r-devel-linux-x86_64-debian-clang, r-devel-linux-x86_64-debian-gcc, r-devel-linux-x86_64-fedora-clang, r-devel-linux-x86_64-fedora-gcc, r-devel-windows-x86_64, r-patched-linux-x86_64