CRAN Package Check Results for Package propr

Last updated on 2018-10-21 06:46:47 CEST.

Flavor Version Tinstall Tcheck Ttotal Status Flags
r-devel-linux-x86_64-debian-clang 4.0.0 60.85 163.00 223.85 OK
r-devel-linux-x86_64-debian-gcc 4.0.0 50.74 125.79 176.53 OK
r-devel-linux-x86_64-fedora-clang 4.0.0 295.27 NOTE
r-devel-linux-x86_64-fedora-gcc 4.0.0 278.13 NOTE
r-devel-windows-ix86+x86_64 4.0.0 164.00 301.00 465.00 OK
r-patched-linux-x86_64 4.0.0 69.07 159.06 228.13 OK
r-patched-solaris-x86 4.0.0 361.50 NOTE
r-release-linux-x86_64 4.0.0 63.97 156.57 220.54 NOTE
r-release-windows-ix86+x86_64 4.0.0 152.00 280.00 432.00 OK
r-release-osx-x86_64 4.0.0 NOTE
r-oldrel-windows-ix86+x86_64 4.0.0 109.00 294.00 403.00 OK
r-oldrel-osx-x86_64 4.0.0 NOTE

Check Details

Version: 4.0.0
Check: installed package size
Result: NOTE
     installed size is 5.2Mb
     sub-directories of 1Mb or more:
     data 1.5Mb
     libs 2.6Mb
Flavor: r-devel-linux-x86_64-fedora-clang

Version: 4.0.0
Check: dependencies in R code
Result: NOTE
    Namespace in Imports field not imported from: ‘utils’
     All declared Imports should be used.
Flavors: r-devel-linux-x86_64-fedora-clang, r-devel-linux-x86_64-fedora-gcc, r-patched-solaris-x86, r-release-osx-x86_64, r-oldrel-osx-x86_64

Version: 4.0.0
Check: package dependencies
Result: NOTE
    Packages suggested but not available for checking: ‘plotly’ ‘rgl’
Flavor: r-release-linux-x86_64

Version: 4.0.0
Check: package dependencies
Result: NOTE
    Package suggested but not available for checking: ‘ALDEx2’
Flavors: r-release-osx-x86_64, r-oldrel-osx-x86_64