CRAN Package Check Results for Package propr

Last updated on 2018-07-19 18:49:31 CEST.

Flavor Version Tinstall Tcheck Ttotal Status Flags
r-devel-linux-x86_64-debian-clang 3.5.1 40.59 265.21 305.80 OK
r-devel-linux-x86_64-debian-gcc 3.5.1 34.21 237.60 271.81 OK
r-devel-linux-x86_64-fedora-clang 3.5.1 419.77 OK
r-devel-linux-x86_64-fedora-gcc 3.5.1 412.66 OK
r-devel-windows-ix86+x86_64 3.5.1 81.00 474.00 555.00 OK
r-patched-linux-x86_64 3.5.1 42.60 281.03 323.63 OK
r-patched-solaris-x86 3.5.1 550.80 OK
r-release-linux-x86_64 3.5.1 39.34 285.52 324.86 OK
r-release-windows-ix86+x86_64 3.5.1 114.00 432.00 546.00 OK
r-release-osx-x86_64 3.5.1 NOTE
r-oldrel-windows-ix86+x86_64 3.5.1 105.00 405.00 510.00 OK
r-oldrel-osx-x86_64 3.5.1 NOTE

Check Details

Version: 3.5.1
Check: package dependencies
Result: NOTE
    Package suggested but not available for checking: ‘ALDEx2’
Flavors: r-release-osx-x86_64, r-oldrel-osx-x86_64