CRAN Package Check Results for Package propr

Last updated on 2018-01-23 16:50:22 CET.

Flavor Version Tinstall Tcheck Ttotal Status Flags
r-devel-linux-x86_64-debian-clang 3.1.4 34.93 317.13 352.06 OK
r-devel-linux-x86_64-debian-gcc 3.1.4 26.59 245.10 271.69 OK
r-devel-linux-x86_64-fedora-clang 3.1.4 412.50 NOTE
r-devel-linux-x86_64-fedora-gcc 3.1.4 387.36 NOTE
r-devel-windows-ix86+x86_64 3.1.4 97.00 442.00 539.00 OK
r-patched-linux-x86_64 3.1.4 34.38 306.28 340.66 OK
r-patched-solaris-x86 3.1.4 546.80 OK
r-release-linux-x86_64 3.1.4 35.27 307.40 342.67 OK
r-release-windows-ix86+x86_64 3.1.4 73.00 509.00 582.00 OK
r-release-osx-x86_64 3.1.4 NOTE
r-oldrel-windows-ix86+x86_64 3.1.4 93.00 450.00 543.00 OK
r-oldrel-osx-x86_64 3.1.2 OK

Check Details

Version: 3.1.4
Check: package dependencies
Result: NOTE
    Packages suggested but not available for checking: ‘ALDEx2’ ‘limma’
Flavors: r-devel-linux-x86_64-fedora-clang, r-devel-linux-x86_64-fedora-gcc

Version: 3.1.4
Check: installed package size
Result: NOTE
     installed size is 5.5Mb
     sub-directories of 1Mb or more:
     data 1.5Mb
     libs 2.8Mb
Flavor: r-devel-linux-x86_64-fedora-gcc

Version: 3.1.4
Check: package dependencies
Result: NOTE
    Package suggested but not available for checking: ‘ALDEx2’
Flavor: r-release-osx-x86_64