Last updated on 2024-03-28 17:49:38 CET.
Flavor | Version | Tinstall | Tcheck | Ttotal | Status | Flags |
---|---|---|---|---|---|---|
r-devel-linux-x86_64-debian-clang | 0.6.1 | 6.42 | 71.40 | 77.82 | NOTE | |
r-devel-linux-x86_64-debian-gcc | 0.6.1 | 5.36 | 54.94 | 60.30 | NOTE | |
r-devel-linux-x86_64-fedora-clang | 0.6.1 | 105.73 | NOTE | |||
r-devel-linux-x86_64-fedora-gcc | 0.6.1 | 121.11 | NOTE | |||
r-devel-windows-x86_64 | 0.6.1 | 7.00 | 75.00 | 82.00 | NOTE | --no-vignettes |
r-patched-linux-x86_64 | 0.6.1 | 5.37 | 70.16 | 75.53 | NOTE | |
r-release-linux-x86_64 | 0.6.1 | 6.02 | 67.57 | 73.59 | OK | |
r-release-macos-arm64 | 0.6.1 | 43.00 | OK | |||
r-release-macos-x86_64 | 0.6.1 | 66.00 | OK | |||
r-release-windows-x86_64 | 0.6.1 | 8.00 | 88.00 | 96.00 | OK | --no-vignettes |
r-oldrel-macos-arm64 | 0.6.1 | 32.00 | OK | |||
r-oldrel-windows-x86_64 | 0.6.1 | 8.00 | 111.00 | 119.00 | OK | --no-vignettes |
Version: 0.6.1
Check: Rd files
Result: NOTE
checkRd: (-1) dprime.Rd:37: Lost braces in \itemize; \value handles \item{}{} directly
checkRd: (-1) dprime.Rd:38: Lost braces in \itemize; \value handles \item{}{} directly
checkRd: (-1) dprime.Rd:39: Lost braces in \itemize; \value handles \item{}{} directly
checkRd: (-1) dprime.Rd:40: Lost braces in \itemize; \value handles \item{}{} directly
checkRd: (-1) dprime.Rd:41: Lost braces in \itemize; \value handles \item{}{} directly
Flavors: r-devel-linux-x86_64-debian-clang, r-devel-linux-x86_64-debian-gcc, r-devel-linux-x86_64-fedora-clang, r-devel-linux-x86_64-fedora-gcc, r-patched-linux-x86_64
Version: 0.6.1
Flags: --no-vignettes
Check: Rd files
Result: NOTE
checkRd: (-1) dprime.Rd:37: Lost braces in \itemize; \value handles \item{}{} directly
checkRd: (-1) dprime.Rd:38: Lost braces in \itemize; \value handles \item{}{} directly
checkRd: (-1) dprime.Rd:39: Lost braces in \itemize; \value handles \item{}{} directly
checkRd: (-1) dprime.Rd:40: Lost braces in \itemize; \value handles \item{}{} directly
checkRd: (-1) dprime.Rd:41: Lost braces in \itemize; \value handles \item{}{} directly
Flavor: r-devel-windows-x86_64