Last updated on 2024-05-07 18:49:56 CEST.
Flavor | Version | Tinstall | Tcheck | Ttotal | Status | Flags |
---|---|---|---|---|---|---|
r-devel-linux-x86_64-debian-clang | 1.1.1 | 70.28 | 36.62 | 106.90 | OK | |
r-devel-linux-x86_64-debian-gcc | 1.1.1 | 55.84 | 30.24 | 86.08 | OK | |
r-devel-linux-x86_64-fedora-clang | 1.1.1 | 129.14 | NOTE | |||
r-devel-linux-x86_64-fedora-gcc | 1.1.1 | 183.91 | NOTE | |||
r-devel-windows-x86_64 | 1.1.1 | 47.00 | 70.00 | 117.00 | OK | |
r-patched-linux-x86_64 | 1.1.1 | 62.42 | 38.80 | 101.22 | OK | |
r-release-linux-x86_64 | 1.1.1 | 59.23 | 38.57 | 97.80 | OK | |
r-release-macos-arm64 | 1.1.1 | 46.00 | NOTE | |||
r-release-windows-x86_64 | 1.1.1 | 47.00 | 67.00 | 114.00 | OK | |
r-oldrel-macos-arm64 | 1.1.1 | 45.00 | NOTE | |||
r-oldrel-macos-x86_64 | 1.1.1 | 68.00 | NOTE | |||
r-oldrel-windows-x86_64 | 1.1.1 | 59.00 | 77.00 | 136.00 | OK |
Version: 1.1.1
Check: dependencies in R code
Result: NOTE
Namespaces in Imports field not imported from:
‘Rcpp’ ‘RcppEigen’
All declared Imports should be used.
Flavors: r-devel-linux-x86_64-fedora-clang, r-devel-linux-x86_64-fedora-gcc
Version: 1.1.1
Check: installed package size
Result: NOTE
installed size is 23.4Mb
sub-directories of 1Mb or more:
libs 23.2Mb
Flavors: r-release-macos-arm64, r-oldrel-macos-arm64, r-oldrel-macos-x86_64