Last updated on 2024-04-19 06:56:27 CEST.
Flavor | Version | Tinstall | Tcheck | Ttotal | Status | Flags |
---|---|---|---|---|---|---|
r-devel-linux-x86_64-debian-clang | 1.66 | 92.89 | 435.77 | 528.66 | OK | |
r-devel-linux-x86_64-debian-gcc | 1.66 | OK | ||||
r-devel-linux-x86_64-fedora-clang | 1.66 | 624.72 | NOTE | |||
r-devel-linux-x86_64-fedora-gcc | 1.66 | 627.20 | OK | |||
r-prerel-macos-arm64 | 1.66 | 142.00 | NOTE | |||
r-prerel-windows-x86_64 | 1.66 | 95.00 | 353.00 | 448.00 | NOTE | |
r-patched-linux-x86_64 | 1.66 | 95.98 | 418.57 | 514.55 | OK | |
r-release-linux-x86_64 | 1.66 | 84.46 | 411.21 | 495.67 | OK | |
r-release-macos-arm64 | 1.66 | 154.00 | NOTE | |||
r-release-macos-x86_64 | 1.66 | 505.00 | NOTE | |||
r-release-windows-x86_64 | 1.66 | 106.00 | 421.00 | 527.00 | NOTE | |
r-oldrel-macos-arm64 | 1.66 | 160.00 | NOTE | |||
r-oldrel-windows-x86_64 | 1.66 | 117.00 | 411.00 | 528.00 | NOTE |
Version: 1.66
Check: installed package size
Result: NOTE
installed size is 10.6Mb
sub-directories of 1Mb or more:
R 1.7Mb
contrib 3.8Mb
doc 3.0Mb
Flavors: r-devel-linux-x86_64-fedora-clang, r-prerel-macos-arm64, r-prerel-windows-x86_64, r-release-macos-arm64, r-release-macos-x86_64, r-release-windows-x86_64, r-oldrel-macos-arm64, r-oldrel-windows-x86_64