Last updated on 2024-04-19 06:56:27 CEST.
Flavor | Version | Tinstall | Tcheck | Ttotal | Status | Flags |
---|---|---|---|---|---|---|
r-devel-linux-x86_64-debian-clang | 0.0.5 | 2.32 | 21.77 | 24.09 | NOTE | |
r-devel-linux-x86_64-debian-gcc | 0.0.5 | NOTE | ||||
r-devel-linux-x86_64-fedora-clang | 0.0.5 | 30.70 | NOTE | |||
r-devel-linux-x86_64-fedora-gcc | 0.0.5 | 29.14 | NOTE | |||
r-prerel-macos-arm64 | 0.0.5 | 14.00 | NOTE | |||
r-prerel-windows-x86_64 | 0.0.5 | 3.00 | 38.00 | 41.00 | NOTE | |
r-patched-linux-x86_64 | 0.0.5 | 1.98 | 21.24 | 23.22 | NOTE | |
r-release-linux-x86_64 | 0.0.5 | 2.06 | 20.99 | 23.05 | NOTE | |
r-release-macos-arm64 | 0.0.5 | 16.00 | NOTE | |||
r-release-macos-x86_64 | 0.0.5 | 20.00 | NOTE | |||
r-release-windows-x86_64 | 0.0.5 | 6.00 | 38.00 | 44.00 | NOTE | |
r-oldrel-macos-arm64 | 0.0.5 | 23.00 | NOTE | |||
r-oldrel-windows-x86_64 | 0.0.5 | 5.00 | 48.00 | 53.00 | NOTE |
Version: 0.0.5
Check: LazyData
Result: NOTE
'LazyData' is specified without a 'data' directory
Flavors: r-devel-linux-x86_64-debian-clang, r-devel-linux-x86_64-debian-gcc, r-devel-linux-x86_64-fedora-clang, r-devel-linux-x86_64-fedora-gcc, r-prerel-macos-arm64, r-prerel-windows-x86_64, r-patched-linux-x86_64, r-release-linux-x86_64, r-release-macos-arm64, r-release-macos-x86_64, r-release-windows-x86_64, r-oldrel-macos-arm64, r-oldrel-windows-x86_64