Last updated on 2024-05-05 18:53:47 CEST.
Flavor | Version | Tinstall | Tcheck | Ttotal | Status | Flags |
---|---|---|---|---|---|---|
r-devel-linux-x86_64-debian-clang | 1.0 | 54.05 | 37.16 | 91.21 | NOTE | |
r-devel-linux-x86_64-debian-gcc | 1.0 | 35.59 | 28.30 | 63.89 | NOTE | |
r-devel-linux-x86_64-fedora-clang | 1.0 | 131.81 | NOTE | |||
r-devel-linux-x86_64-fedora-gcc | 1.0 | 117.97 | NOTE | |||
r-devel-windows-x86_64 | 1.0 | 40.00 | 64.00 | 104.00 | NOTE | |
r-patched-linux-x86_64 | 1.0 | 46.34 | 35.76 | 82.10 | NOTE | |
r-release-linux-x86_64 | 1.0 | 46.59 | 36.16 | 82.75 | NOTE | |
r-release-macos-arm64 | 1.0 | 30.00 | NOTE | |||
r-release-windows-x86_64 | 1.0 | 43.00 | 67.00 | 110.00 | NOTE | |
r-oldrel-macos-arm64 | 1.0 | 34.00 | NOTE | |||
r-oldrel-macos-x86_64 | 1.0 | 54.00 | NOTE | |||
r-oldrel-windows-x86_64 | 1.0 | 48.00 | 73.00 | 121.00 | NOTE |
Version: 1.0
Check: LazyData
Result: NOTE
'LazyData' is specified without a 'data' directory
Flavors: r-devel-linux-x86_64-debian-clang, r-devel-linux-x86_64-debian-gcc, r-devel-linux-x86_64-fedora-clang, r-devel-linux-x86_64-fedora-gcc, r-devel-windows-x86_64, r-patched-linux-x86_64, r-release-linux-x86_64, r-release-macos-arm64, r-release-windows-x86_64, r-oldrel-macos-arm64, r-oldrel-macos-x86_64, r-oldrel-windows-x86_64