Last updated on 2024-04-19 19:50:23 CEST.
Flavor | Version | Tinstall | Tcheck | Ttotal | Status | Flags |
---|---|---|---|---|---|---|
r-devel-linux-x86_64-debian-clang | 1.2-3 | 44.35 | 207.38 | 251.73 | NOTE | |
r-devel-linux-x86_64-debian-gcc | 1.2-3 | NOTE | ||||
r-devel-linux-x86_64-fedora-clang | 1.2-3 | 310.83 | NOTE | |||
r-devel-linux-x86_64-fedora-gcc | 1.2-3 | 308.58 | NOTE | |||
r-prerel-macos-arm64 | 1.2-3 | 86.00 | NOTE | |||
r-prerel-windows-x86_64 | 1.2-3 | 38.00 | 208.00 | 246.00 | NOTE | |
r-patched-linux-x86_64 | 1.2-3 | 39.24 | 196.03 | 235.27 | NOTE | |
r-release-linux-x86_64 | 1.2-3 | 42.42 | 195.90 | 238.32 | OK | |
r-release-macos-arm64 | 1.2-3 | 116.00 | OK | |||
r-release-macos-x86_64 | 1.2-3 | 170.00 | OK | |||
r-release-windows-x86_64 | 1.2-3 | 46.00 | 250.00 | 296.00 | OK | |
r-oldrel-macos-arm64 | 1.2-3 | 106.00 | OK | |||
r-oldrel-windows-x86_64 | 1.2-3 | 46.00 | 223.00 | 269.00 | OK |
Version: 1.2-3
Check: Rd files
Result: NOTE
checkRd: (-1) MovingBlocks-class.Rd:11: Lost braces
11 | bootstrap described in K{\"u}nsch (1989).
| ^
checkRd: (-1) MovingBlocks-class.Rd:18: Lost braces
18 | The Moving Blocks Bootstrap method of K{\"u}nsch (1989) resamples blocks
| ^
checkRd: (-1) MovingBlocks-class.Rd:25: Lost braces
25 | K{\"u}nsch, H. R. (1989). The jackknife and the bootstrap for general stationary
| ^
checkRd: (-1) frequenciesValidator.Rd:16: Lost braces; missing escapes or markup?
16 | \item{steps}{a vector containing a subset of {1,2,3,4,5,6}, indicating
| ^
Flavors: r-devel-linux-x86_64-debian-clang, r-devel-linux-x86_64-debian-gcc, r-devel-linux-x86_64-fedora-clang, r-devel-linux-x86_64-fedora-gcc, r-prerel-macos-arm64, r-prerel-windows-x86_64, r-patched-linux-x86_64