Last updated on 2024-04-18 06:57:52 CEST.
Flavor | Version | Tinstall | Tcheck | Ttotal | Status | Flags |
---|---|---|---|---|---|---|
r-devel-linux-x86_64-debian-clang | 0.1.3 | 2.48 | 21.38 | 23.86 | NOTE | |
r-devel-linux-x86_64-debian-gcc | 0.1.3 | 2.04 | 17.31 | 19.35 | NOTE | |
r-devel-linux-x86_64-fedora-clang | 0.1.3 | 30.78 | NOTE | |||
r-devel-linux-x86_64-fedora-gcc | 0.1.3 | 29.64 | NOTE | |||
r-prerel-macos-arm64 | 0.1.3 | 16.00 | NOTE | |||
r-prerel-windows-x86_64 | 0.1.3 | 4.00 | 37.00 | 41.00 | NOTE | |
r-patched-linux-x86_64 | 0.1.3 | 2.51 | 20.51 | 23.02 | NOTE | |
r-release-linux-x86_64 | 0.1.3 | 2.28 | 21.08 | 23.36 | NOTE | |
r-release-macos-arm64 | 0.1.3 | 16.00 | NOTE | |||
r-release-macos-x86_64 | 0.1.3 | 20.00 | NOTE | |||
r-release-windows-x86_64 | 0.1.3 | 9.00 | 38.00 | 47.00 | NOTE | |
r-oldrel-macos-arm64 | 0.1.3 | 16.00 | NOTE | |||
r-oldrel-windows-x86_64 | 0.1.3 | 6.00 | 47.00 | 53.00 | NOTE |
Version: 0.1.3
Check: LazyData
Result: NOTE
'LazyData' is specified without a 'data' directory
Flavors: r-devel-linux-x86_64-debian-clang, r-devel-linux-x86_64-debian-gcc, r-devel-linux-x86_64-fedora-clang, r-devel-linux-x86_64-fedora-gcc, r-prerel-macos-arm64, r-prerel-windows-x86_64, r-patched-linux-x86_64, r-release-linux-x86_64, r-release-macos-arm64, r-release-macos-x86_64, r-release-windows-x86_64, r-oldrel-macos-arm64, r-oldrel-windows-x86_64