Last updated on 2024-04-26 07:51:57 CEST.
Flavor | Version | Tinstall | Tcheck | Ttotal | Status | Flags |
---|---|---|---|---|---|---|
r-devel-linux-x86_64-debian-clang | 0.1.2 | 4.03 | 44.59 | 48.62 | NOTE | |
r-devel-linux-x86_64-debian-gcc | 0.1.2 | 2.40 | 32.44 | 34.84 | NOTE | |
r-devel-linux-x86_64-fedora-clang | 0.1.2 | 59.36 | NOTE | |||
r-devel-linux-x86_64-fedora-gcc | 0.1.2 | 56.71 | NOTE | |||
r-devel-windows-x86_64 | 0.1.2 | 4.00 | 57.00 | 61.00 | NOTE | |
r-patched-linux-x86_64 | 0.1.2 | 10.55 | 43.39 | 53.94 | NOTE | |
r-release-linux-x86_64 | 0.1.2 | 3.27 | 43.05 | 46.32 | NOTE | |
r-release-macos-arm64 | 0.1.2 | 24.00 | NOTE | |||
r-release-windows-x86_64 | 0.1.2 | 5.00 | 53.00 | 58.00 | NOTE | |
r-oldrel-macos-arm64 | 0.1.2 | 23.00 | NOTE | |||
r-oldrel-macos-x86_64 | 0.1.2 | 33.00 | NOTE | |||
r-oldrel-windows-x86_64 | 0.1.2 | 6.00 | 61.00 | 67.00 | NOTE |
Version: 0.1.2
Check: LazyData
Result: NOTE
'LazyData' is specified without a 'data' directory
Flavors: r-devel-linux-x86_64-debian-clang, r-devel-linux-x86_64-debian-gcc, r-devel-linux-x86_64-fedora-clang, r-devel-linux-x86_64-fedora-gcc, r-devel-windows-x86_64, r-patched-linux-x86_64, r-release-linux-x86_64, r-release-macos-arm64, r-release-windows-x86_64, r-oldrel-macos-arm64, r-oldrel-macos-x86_64, r-oldrel-windows-x86_64
Version: 0.1.2
Check: dependencies in R code
Result: NOTE
Namespaces in Imports field not imported from:
‘data.table’ ‘dplyr’ ‘lmerTest’
All declared Imports should be used.
Flavors: r-devel-linux-x86_64-fedora-clang, r-devel-linux-x86_64-fedora-gcc