Last updated on 2024-05-07 18:49:58 CEST.
Flavor | Version | Tinstall | Tcheck | Ttotal | Status | Flags |
---|---|---|---|---|---|---|
r-devel-linux-x86_64-debian-clang | 1.2.4 | 10.29 | 215.83 | 226.12 | NOTE | |
r-devel-linux-x86_64-debian-gcc | 1.2.4 | 5.35 | 158.61 | 163.96 | NOTE | |
r-devel-linux-x86_64-fedora-clang | 1.2.4 | 264.38 | NOTE | |||
r-devel-linux-x86_64-fedora-gcc | 1.2.4 | 338.04 | NOTE | |||
r-devel-windows-x86_64 | 1.2.4 | 8.00 | 163.00 | 171.00 | NOTE | |
r-patched-linux-x86_64 | 1.2.4 | 8.81 | 205.17 | 213.98 | NOTE | |
r-release-linux-x86_64 | 1.2.4 | 7.76 | 201.03 | 208.79 | NOTE | |
r-release-macos-arm64 | 1.2.4 | 87.00 | NOTE | |||
r-release-windows-x86_64 | 1.2.4 | 9.00 | 161.00 | 170.00 | NOTE | |
r-oldrel-macos-arm64 | 1.2.4 | 103.00 | OK | |||
r-oldrel-macos-x86_64 | 1.2.4 | 173.00 | OK | |||
r-oldrel-windows-x86_64 | 1.2.4 | 11.00 | 208.00 | 219.00 | OK |
Version: 1.2.4
Check: Rd files
Result: NOTE
checkRd: (-1) calc_PVEnei.Rd:38: Lost braces in \itemize; \value handles \item{}{} directly
checkRd: (-1) calc_PVEnei.Rd:39: Lost braces in \itemize; \value handles \item{}{} directly
checkRd: (-1) calc_PVEnei.Rd:40: Lost braces in \itemize; \value handles \item{}{} directly
checkRd: (-1) calc_PVEnei.Rd:41: Lost braces in \itemize; \value handles \item{}{} directly
checkRd: (-1) gaston2neiGWAS.Rd:15: Lost braces in \itemize; \value handles \item{}{} directly
checkRd: (-1) gaston2neiGWAS.Rd:16: Lost braces in \itemize; \value handles \item{}{} directly
checkRd: (-1) gaston2neiGWAS.Rd:17: Lost braces in \itemize; \value handles \item{}{} directly
checkRd: (-1) neiGWAS.Rd:44: Lost braces in \itemize; \value handles \item{}{} directly
checkRd: (-1) neiGWAS.Rd:45: Lost braces in \itemize; \value handles \item{}{} directly
checkRd: (-1) neiGWAS.Rd:46: Lost braces in \itemize; \value handles \item{}{} directly
checkRd: (-1) nei_lm.Rd:35: Lost braces in \itemize; \value handles \item{}{} directly
checkRd: (-1) nei_lm.Rd:36: Lost braces in \itemize; \value handles \item{}{} directly
checkRd: (-1) nei_lm.Rd:37: Lost braces in \itemize; \value handles \item{}{} directly
checkRd: (-1) nei_lm.Rd:38: Lost braces in \itemize; \value handles \item{}{} directly
checkRd: (-1) nei_lmm.Rd:35: Lost braces in \itemize; \value handles \item{}{} directly
checkRd: (-1) nei_lmm.Rd:36: Lost braces in \itemize; \value handles \item{}{} directly
checkRd: (-1) nei_lmm.Rd:37: Lost braces in \itemize; \value handles \item{}{} directly
checkRd: (-1) nei_lmm.Rd:38: Lost braces in \itemize; \value handles \item{}{} directly
checkRd: (-1) qtl_pheno_simu.Rd:35: Lost braces in \itemize; \value handles \item{}{} directly
checkRd: (-1) qtl_pheno_simu.Rd:36: Lost braces in \itemize; \value handles \item{}{} directly
checkRd: (-1) qtl_pheno_simu.Rd:37: Lost braces in \itemize; \value handles \item{}{} directly
checkRd: (-1) qtl_pheno_simu.Rd:38: Lost braces in \itemize; \value handles \item{}{} directly
checkRd: (-1) qtl_pheno_simu.Rd:39: Lost braces in \itemize; \value handles \item{}{} directly
checkRd: (-1) qtl_pheno_simu.Rd:40: Lost braces in \itemize; \value handles \item{}{} directly
checkRd: (-1) qtl_pheno_simu.Rd:41: Lost braces in \itemize; \value handles \item{}{} directly
checkRd: (-1) qtl_pheno_simu.Rd:42: Lost braces in \itemize; \value handles \item{}{} directly
Flavors: r-devel-linux-x86_64-debian-clang, r-devel-linux-x86_64-debian-gcc, r-devel-linux-x86_64-fedora-clang, r-devel-linux-x86_64-fedora-gcc, r-devel-windows-x86_64, r-patched-linux-x86_64, r-release-linux-x86_64, r-release-macos-arm64, r-release-windows-x86_64