Last updated on 2024-05-07 06:56:07 CEST.
Flavor | Version | Tinstall | Tcheck | Ttotal | Status | Flags |
---|---|---|---|---|---|---|
r-devel-linux-x86_64-debian-clang | 0.1.1 | 6.78 | 70.45 | 77.23 | OK | |
r-devel-linux-x86_64-debian-gcc | 0.1.1 | 4.44 | 52.91 | 57.35 | OK | |
r-devel-linux-x86_64-fedora-clang | 0.1.1 | 99.43 | NOTE | |||
r-devel-linux-x86_64-fedora-gcc | 0.1.1 | 129.26 | NOTE | |||
r-devel-windows-x86_64 | 0.1.1 | 10.00 | 80.00 | 90.00 | OK | |
r-patched-linux-x86_64 | 0.1.1 | 5.68 | 68.51 | 74.19 | OK | |
r-release-linux-x86_64 | 0.1.1 | 4.72 | 67.70 | 72.42 | OK | |
r-release-macos-arm64 | 0.1.1 | 42.00 | OK | |||
r-release-windows-x86_64 | 0.1.1 | 10.00 | 79.00 | 89.00 | OK | |
r-oldrel-macos-arm64 | 0.1.1 | 38.00 | OK | |||
r-oldrel-macos-x86_64 | 0.1.1 | 58.00 | OK | |||
r-oldrel-windows-x86_64 | 0.1.1 | 13.00 | 89.00 | 102.00 | OK |
Version: 0.1.1
Check: dependencies in R code
Result: NOTE
Namespace in Imports field not imported from: ‘readr’
All declared Imports should be used.
Flavors: r-devel-linux-x86_64-fedora-clang, r-devel-linux-x86_64-fedora-gcc