Last updated on 2024-03-28 17:49:39 CET.
Flavor | Version | Tinstall | Tcheck | Ttotal | Status | Flags |
---|---|---|---|---|---|---|
r-devel-linux-x86_64-debian-clang | 1.6.3 | 18.01 | 147.41 | 165.42 | OK | |
r-devel-linux-x86_64-debian-gcc | 1.6.3 | 15.97 | 108.44 | 124.41 | OK | |
r-devel-linux-x86_64-fedora-clang | 1.6.3 | 211.17 | NOTE | |||
r-devel-linux-x86_64-fedora-gcc | 1.6.3 | 207.36 | OK | |||
r-devel-windows-x86_64 | 1.6.3 | 18.00 | 151.00 | 169.00 | OK | |
r-patched-linux-x86_64 | 1.6.3 | 21.18 | 138.53 | 159.71 | OK | |
r-release-linux-x86_64 | 1.6.3 | 18.01 | 141.72 | 159.73 | OK | |
r-release-macos-arm64 | 1.6.3 | 59.00 | OK | |||
r-release-macos-x86_64 | 1.6.3 | 119.00 | OK | |||
r-release-windows-x86_64 | 1.6.3 | 22.00 | 183.00 | 205.00 | OK | |
r-oldrel-macos-arm64 | 1.6.3 | 80.00 | OK | |||
r-oldrel-windows-x86_64 | 1.6.3 | 26.00 | 173.00 | 199.00 | OK |
Version: 1.6.3
Check: package dependencies
Result: NOTE
Imports includes 30 non-default packages.
Importing from so many packages makes the package vulnerable to any of
them becoming unavailable. Move as many as possible to Suggests and
use conditionally.
Flavor: r-devel-linux-x86_64-fedora-clang