Last updated on 2024-04-19 19:50:24 CEST.
Flavor | Version | Tinstall | Tcheck | Ttotal | Status | Flags |
---|---|---|---|---|---|---|
r-devel-linux-x86_64-debian-clang | 1.6.1 | 14.84 | 188.97 | 203.81 | OK | |
r-devel-linux-x86_64-debian-gcc | 1.6.1 | OK | ||||
r-devel-linux-x86_64-fedora-clang | 1.6.1 | 259.18 | NOTE | |||
r-devel-linux-x86_64-fedora-gcc | 1.6.1 | 272.70 | OK | |||
r-prerel-macos-arm64 | 1.6.1 | 95.00 | OK | |||
r-prerel-windows-x86_64 | 1.6.1 | 19.00 | 147.00 | 166.00 | OK | |
r-patched-linux-x86_64 | 1.6.1 | 14.42 | 182.73 | 197.15 | OK | |
r-release-linux-x86_64 | 1.6.1 | 14.63 | 183.71 | 198.34 | OK | |
r-release-macos-arm64 | 1.6.1 | 73.00 | OK | |||
r-release-macos-x86_64 | 1.6.1 | 94.00 | OK | |||
r-release-windows-x86_64 | 1.6.1 | 20.00 | 178.00 | 198.00 | OK | |
r-oldrel-macos-arm64 | 1.6.1 | 77.00 | OK | |||
r-oldrel-windows-x86_64 | 1.6.1 | 22.00 | 199.00 | 221.00 | OK |
Version: 1.6.1
Check: installed package size
Result: NOTE
installed size is 5.0Mb
sub-directories of 1Mb or more:
doc 4.9Mb
Flavor: r-devel-linux-x86_64-fedora-clang