Last updated on 2024-04-23 18:51:07 CEST.
Flavor | Version | Tinstall | Tcheck | Ttotal | Status | Flags |
---|---|---|---|---|---|---|
r-devel-linux-x86_64-debian-clang | 1.1-3 | 10.93 | 91.84 | 102.77 | NOTE | |
r-devel-linux-x86_64-debian-gcc | 1.1-3 | 9.30 | 66.37 | 75.67 | NOTE | |
r-devel-linux-x86_64-fedora-clang | 1.1-3 | 128.10 | NOTE | |||
r-devel-linux-x86_64-fedora-gcc | 1.1-3 | 133.49 | NOTE | |||
r-prerel-macos-arm64 | 1.1-3 | 43.00 | NOTE | |||
r-prerel-windows-x86_64 | 1.1-3 | 16.00 | 87.00 | 103.00 | NOTE | |
r-patched-linux-x86_64 | 1.1-3 | 11.06 | 84.18 | 95.24 | NOTE | |
r-release-linux-x86_64 | 1.1-3 | 14.08 | 86.88 | 100.96 | OK | |
r-release-macos-arm64 | 1.1-3 | 45.00 | OK | |||
r-release-macos-x86_64 | 1.1-3 | 107.00 | OK | |||
r-release-windows-x86_64 | 1.1-3 | 19.00 | 102.00 | 121.00 | OK | |
r-oldrel-macos-arm64 | 1.1-3 | 38.00 | OK | |||
r-oldrel-windows-x86_64 | 1.1-3 | 18.00 | 105.00 | 123.00 | OK |
Version: 1.1-3
Check: Rd files
Result: NOTE
checkRd: (-1) outcomeProbs.Rd:18: Lost braces
18 | \item{scale}{either "prob" where probabilities are returned, the default, or "raw" where the probabilities are returned on the logit or probit scale, depending on which scale was selected in the texttt{randomLCA} function}
| ^
Flavors: r-devel-linux-x86_64-debian-clang, r-devel-linux-x86_64-debian-gcc, r-devel-linux-x86_64-fedora-clang, r-devel-linux-x86_64-fedora-gcc, r-prerel-macos-arm64, r-prerel-windows-x86_64, r-patched-linux-x86_64