Last updated on 2024-03-28 17:49:39 CET.
Flavor | Version | Tinstall | Tcheck | Ttotal | Status | Flags |
---|---|---|---|---|---|---|
r-devel-linux-x86_64-debian-clang | 1.8.8 | 4.21 | 38.26 | 42.47 | NOTE | |
r-devel-linux-x86_64-debian-gcc | 1.8.8 | 3.20 | 29.45 | 32.65 | NOTE | |
r-devel-linux-x86_64-fedora-clang | 1.8.8 | 53.42 | NOTE | |||
r-devel-linux-x86_64-fedora-gcc | 1.8.8 | 52.68 | NOTE | |||
r-devel-windows-x86_64 | 1.8.8 | 4.00 | 53.00 | 57.00 | NOTE | |
r-patched-linux-x86_64 | 1.8.8 | 4.35 | 36.76 | 41.11 | NOTE | |
r-release-linux-x86_64 | 1.8.8 | 2.97 | 36.56 | 39.53 | NOTE | |
r-release-macos-arm64 | 1.8.8 | 21.00 | NOTE | |||
r-release-macos-x86_64 | 1.8.8 | 29.00 | NOTE | |||
r-release-windows-x86_64 | 1.8.8 | 5.00 | 55.00 | 60.00 | NOTE | |
r-oldrel-macos-arm64 | 1.8.8 | 21.00 | NOTE | |||
r-oldrel-windows-x86_64 | 1.8.8 | 5.00 | 65.00 | 70.00 | NOTE |
Version: 1.8.8
Check: package dependencies
Result: NOTE
Package suggested but not available for checking: ‘rrelaxiv’
Flavors: r-devel-linux-x86_64-debian-clang, r-devel-linux-x86_64-debian-gcc, r-devel-linux-x86_64-fedora-clang, r-devel-linux-x86_64-fedora-gcc, r-devel-windows-x86_64, r-patched-linux-x86_64, r-release-linux-x86_64, r-release-macos-arm64, r-release-macos-x86_64, r-release-windows-x86_64, r-oldrel-macos-arm64, r-oldrel-windows-x86_64