Last updated on 2024-04-19 19:50:24 CEST.
Flavor | Version | Tinstall | Tcheck | Ttotal | Status | Flags |
---|---|---|---|---|---|---|
r-devel-linux-x86_64-debian-clang | 1.6.0 | 15.32 | 172.19 | 187.51 | OK | |
r-devel-linux-x86_64-debian-gcc | 1.6.0 | OK | ||||
r-devel-linux-x86_64-fedora-clang | 1.6.0 | 231.19 | NOTE | |||
r-devel-linux-x86_64-fedora-gcc | 1.6.0 | 234.25 | NOTE | |||
r-prerel-macos-arm64 | 1.6.0 | 71.00 | OK | |||
r-prerel-windows-x86_64 | 1.6.0 | 15.00 | 138.00 | 153.00 | OK | |
r-patched-linux-x86_64 | 1.6.0 | 18.60 | 159.95 | 178.55 | OK | |
r-release-linux-x86_64 | 1.6.0 | 15.86 | 166.32 | 182.18 | OK | |
r-release-macos-arm64 | 1.6.0 | 82.00 | OK | |||
r-release-macos-x86_64 | 1.6.0 | 121.00 | OK | |||
r-release-windows-x86_64 | 1.6.0 | 18.00 | 169.00 | 187.00 | OK | |
r-oldrel-macos-arm64 | 1.6.0 | 70.00 | NOTE | |||
r-oldrel-windows-x86_64 | 1.6.0 | 19.00 | 165.00 | 184.00 | OK |
Version: 1.6.0
Check: dependencies in R code
Result: NOTE
Namespace in Imports field not imported from: ‘rmarkdown’
All declared Imports should be used.
Flavors: r-devel-linux-x86_64-fedora-clang, r-devel-linux-x86_64-fedora-gcc, r-oldrel-macos-arm64