Last updated on 2024-05-07 06:56:04 CEST.
Flavor | Version | Tinstall | Tcheck | Ttotal | Status | Flags |
---|---|---|---|---|---|---|
r-devel-linux-x86_64-debian-clang | 0.2 | 3.10 | 23.84 | 26.94 | OK | |
r-devel-linux-x86_64-debian-gcc | 0.2 | 1.98 | 17.77 | 19.75 | OK | |
r-devel-linux-x86_64-fedora-clang | 0.2 | 32.74 | NOTE | |||
r-devel-linux-x86_64-fedora-gcc | 0.2 | 35.33 | OK | |||
r-devel-windows-x86_64 | 0.2 | 3.00 | 39.00 | 42.00 | OK | |
r-patched-linux-x86_64 | 0.2 | 2.87 | 22.86 | 25.73 | OK | |
r-release-linux-x86_64 | 0.2 | 2.86 | 22.19 | 25.05 | OK | |
r-release-macos-arm64 | 0.2 | 13.00 | OK | |||
r-release-macos-x86_64 | 0.2 | 30.00 | OK | |||
r-release-windows-x86_64 | 0.2 | 3.00 | 39.00 | 42.00 | OK | |
r-oldrel-macos-arm64 | 0.2 | 20.00 | OK | |||
r-oldrel-macos-x86_64 | 0.2 | 28.00 | OK | |||
r-oldrel-windows-x86_64 | 0.2 | 4.00 | 36.00 | 40.00 | OK |
Version: 0.2
Check: Rd cross-references
Result: NOTE
Undeclared package ‘usethis’ in Rd xrefs
Flavor: r-devel-linux-x86_64-fedora-clang