Last updated on 2024-03-28 06:01:35 CET.
Flavor | Version | Tinstall | Tcheck | Ttotal | Status | Flags |
---|---|---|---|---|---|---|
r-devel-linux-x86_64-debian-clang | 1.8.0 | 14.33 | 125.77 | 140.10 | OK | |
r-devel-linux-x86_64-debian-gcc | 1.8.0 | 13.98 | 96.13 | 110.11 | OK | |
r-devel-linux-x86_64-fedora-clang | 1.8.0 | 183.71 | NOTE | |||
r-devel-linux-x86_64-fedora-gcc | 1.8.0 | 199.33 | OK | |||
r-devel-windows-x86_64 | 1.8.0 | 16.00 | 120.00 | 136.00 | NOTE | |
r-patched-linux-x86_64 | 1.8.0 | 17.25 | 118.20 | 135.45 | OK | |
r-release-linux-x86_64 | 1.8.0 | 13.72 | 119.68 | 133.40 | OK | |
r-release-macos-arm64 | 1.8.0 | 76.00 | NOTE | |||
r-release-macos-x86_64 | 1.8.0 | 199.00 | NOTE | |||
r-release-windows-x86_64 | 1.8.0 | 15.00 | 139.00 | 154.00 | NOTE | |
r-oldrel-macos-arm64 | 1.8.0 | 71.00 | NOTE | |||
r-oldrel-windows-x86_64 | 1.8.0 | 21.00 | 140.00 | 161.00 | NOTE |
Version: 1.8.0
Check: installed package size
Result: NOTE
installed size is 6.5Mb
sub-directories of 1Mb or more:
R 3.8Mb
data 1.5Mb
Flavors: r-devel-linux-x86_64-fedora-clang, r-devel-windows-x86_64, r-release-macos-arm64, r-release-macos-x86_64, r-release-windows-x86_64, r-oldrel-macos-arm64, r-oldrel-windows-x86_64