Last updated on 2024-03-28 17:49:39 CET.
Flavor | Version | Tinstall | Tcheck | Ttotal | Status | Flags |
---|---|---|---|---|---|---|
r-devel-linux-x86_64-debian-clang | 1.9.2 | 2.17 | 27.76 | 29.93 | OK | |
r-devel-linux-x86_64-debian-gcc | 1.9.2 | 2.07 | 21.51 | 23.58 | OK | |
r-devel-linux-x86_64-fedora-clang | 1.9.2 | 38.24 | NOTE | |||
r-devel-linux-x86_64-fedora-gcc | 1.9.2 | 37.21 | OK | |||
r-devel-windows-x86_64 | 1.9.2 | 4.00 | 44.00 | 48.00 | OK | |
r-patched-linux-x86_64 | 1.9.2 | 2.98 | 27.43 | 30.41 | OK | |
r-release-linux-x86_64 | 1.9.2 | 2.68 | 26.86 | 29.54 | OK | |
r-release-macos-arm64 | 1.9.2 | 21.00 | OK | |||
r-release-macos-x86_64 | 1.9.2 | 39.00 | OK | |||
r-release-windows-x86_64 | 1.9.2 | 4.00 | 45.00 | 49.00 | OK | |
r-oldrel-macos-arm64 | 1.9.2 | 20.00 | OK | |||
r-oldrel-windows-x86_64 | 1.9.2 | 5.00 | 45.00 | 50.00 | OK |
Version: 1.9.2
Check: Rd cross-references
Result: NOTE
Undeclared packages ‘readMzXmlData’, ‘MALDIquantForeign’ in Rd xrefs
Flavor: r-devel-linux-x86_64-fedora-clang