Last updated on 2024-03-28 17:49:39 CET.
Flavor | Version | Tinstall | Tcheck | Ttotal | Status | Flags |
---|---|---|---|---|---|---|
r-devel-linux-x86_64-debian-clang | 0.91 | 6.82 | 71.08 | 77.90 | OK | |
r-devel-linux-x86_64-debian-gcc | 0.91 | 4.90 | 54.27 | 59.17 | OK | |
r-devel-linux-x86_64-fedora-clang | 0.91 | 100.85 | NOTE | |||
r-devel-linux-x86_64-fedora-gcc | 0.91 | 111.01 | NOTE | |||
r-devel-windows-x86_64 | 0.91 | 6.00 | 71.00 | 77.00 | OK | |
r-patched-linux-x86_64 | 0.91 | 12.03 | 70.20 | 82.23 | OK | |
r-release-linux-x86_64 | 0.91 | 5.71 | 67.47 | 73.18 | OK | |
r-release-macos-arm64 | 0.91 | 40.00 | OK | |||
r-release-macos-x86_64 | 0.91 | 83.00 | OK | |||
r-release-windows-x86_64 | 0.91 | 9.00 | 84.00 | 93.00 | OK | |
r-oldrel-macos-arm64 | 0.91 | 35.00 | OK | |||
r-oldrel-windows-x86_64 | 0.91 | 8.00 | 86.00 | 94.00 | OK |
Version: 0.91
Check: data for non-ASCII characters
Result: NOTE
Note: found 1 marked Latin-1 string
Note: found 1 marked UTF-8 string
Note: found 7 strings marked as "bytes"
Flavors: r-devel-linux-x86_64-fedora-clang, r-devel-linux-x86_64-fedora-gcc