Last updated on 2024-04-19 19:50:24 CEST.
Flavor | Version | Tinstall | Tcheck | Ttotal | Status | Flags |
---|---|---|---|---|---|---|
r-devel-linux-x86_64-debian-clang | 1.0.17 | 22.08 | 184.99 | 207.07 | OK | |
r-devel-linux-x86_64-debian-gcc | 1.0.17 | OK | ||||
r-devel-linux-x86_64-fedora-clang | 1.0.17 | 259.56 | NOTE | |||
r-devel-linux-x86_64-fedora-gcc | 1.0.17 | 264.34 | NOTE | |||
r-prerel-macos-arm64 | 1.0.17 | 66.00 | OK | |||
r-prerel-windows-x86_64 | 1.0.17 | 23.00 | 154.00 | 177.00 | OK | |
r-patched-linux-x86_64 | 1.0.17 | 33.21 | 171.89 | 205.10 | OK | |
r-release-linux-x86_64 | 1.0.17 | 28.26 | 176.33 | 204.59 | OK | |
r-release-macos-arm64 | 1.0.17 | 70.00 | OK | |||
r-release-macos-x86_64 | 1.0.17 | 211.00 | OK | |||
r-release-windows-x86_64 | 1.0.17 | 28.00 | 183.00 | 211.00 | OK | |
r-oldrel-macos-arm64 | 1.0.16 | 69.00 | OK | |||
r-oldrel-windows-x86_64 | 1.0.16 | 27.00 | 194.00 | 221.00 | OK |
Version: 1.0.17
Check: data for non-ASCII characters
Result: NOTE
Note: found 1036 marked UTF-8 strings
Flavors: r-devel-linux-x86_64-fedora-clang, r-devel-linux-x86_64-fedora-gcc