Last updated on 2024-05-07 18:49:57 CEST.
Flavor | Version | Tinstall | Tcheck | Ttotal | Status | Flags |
---|---|---|---|---|---|---|
r-devel-linux-x86_64-debian-clang | 0.2-0 | 10.82 | 72.82 | 83.64 | OK | |
r-devel-linux-x86_64-debian-gcc | 0.2-0 | 7.13 | 54.08 | 61.21 | OK | |
r-devel-linux-x86_64-fedora-clang | 0.2-0 | 97.14 | NOTE | |||
r-devel-linux-x86_64-fedora-gcc | 0.2-0 | 135.27 | OK | |||
r-devel-windows-x86_64 | 0.2-0 | 8.00 | 72.00 | 80.00 | NOTE | |
r-patched-linux-x86_64 | 0.2-0 | 6.98 | 67.67 | 74.65 | OK | |
r-release-linux-x86_64 | 0.2-0 | 8.29 | 67.45 | 75.74 | OK | |
r-release-macos-arm64 | 0.2-0 | 34.00 | NOTE | |||
r-release-windows-x86_64 | 0.2-0 | 8.00 | 73.00 | 81.00 | NOTE | |
r-oldrel-macos-arm64 | 0.2-0 | 35.00 | NOTE | |||
r-oldrel-macos-x86_64 | 0.2-0 | 58.00 | NOTE | |||
r-oldrel-windows-x86_64 | 0.2-0 | 6.00 | 82.00 | 88.00 | NOTE |
Version: 0.2-0
Check: installed package size
Result: NOTE
installed size is 9.1Mb
sub-directories of 1Mb or more:
data 9.0Mb
Flavors: r-devel-linux-x86_64-fedora-clang, r-devel-windows-x86_64, r-release-macos-arm64, r-release-windows-x86_64, r-oldrel-macos-arm64, r-oldrel-macos-x86_64, r-oldrel-windows-x86_64