Last updated on 2024-03-28 17:49:39 CET.
Flavor | Version | Tinstall | Tcheck | Ttotal | Status | Flags |
---|---|---|---|---|---|---|
r-devel-linux-x86_64-debian-clang | 1.0.1 | 182.13 | 60.33 | 242.46 | OK | |
r-devel-linux-x86_64-debian-gcc | 1.0.1 | 135.27 | 45.32 | 180.59 | OK | |
r-devel-linux-x86_64-fedora-clang | 1.0.1 | 368.94 | OK | |||
r-devel-linux-x86_64-fedora-gcc | 1.0.1 | 348.82 | OK | |||
r-devel-windows-x86_64 | 1.0.1 | 138.00 | 86.00 | 224.00 | OK | |
r-patched-linux-x86_64 | 1.0.1 | 177.68 | 58.54 | 236.22 | OK | |
r-release-linux-x86_64 | 1.0.1 | 167.25 | 58.19 | 225.44 | OK | |
r-release-macos-arm64 | 1.0.1 | 68.00 | NOTE | |||
r-release-macos-x86_64 | 1.0.1 | 98.00 | NOTE | |||
r-release-windows-x86_64 | 1.0.1 | 165.00 | 104.00 | 269.00 | OK | |
r-oldrel-macos-arm64 | 1.0.1 | 68.00 | NOTE | |||
r-oldrel-windows-x86_64 | 1.0.1 | 161.00 | 97.00 | 258.00 | OK |
Version: 1.0.1
Check: installed package size
Result: NOTE
installed size is 7.3Mb
sub-directories of 1Mb or more:
data 2.4Mb
libs 4.8Mb
Flavors: r-release-macos-arm64, r-release-macos-x86_64, r-oldrel-macos-arm64