Last updated on 2024-05-07 18:49:57 CEST.
Flavor | Version | Tinstall | Tcheck | Ttotal | Status | Flags |
---|---|---|---|---|---|---|
r-devel-linux-x86_64-debian-clang | 0.1.0 | 6.06 | 52.11 | 58.17 | NOTE | |
r-devel-linux-x86_64-debian-gcc | 0.1.0 | 3.69 | 38.88 | 42.57 | NOTE | |
r-devel-linux-x86_64-fedora-clang | 0.1.0 | 73.57 | NOTE | |||
r-devel-linux-x86_64-fedora-gcc | 0.1.0 | 101.88 | NOTE | |||
r-devel-windows-x86_64 | 0.1.0 | 6.00 | 62.00 | 68.00 | NOTE | |
r-patched-linux-x86_64 | 0.1.0 | 5.10 | 47.70 | 52.80 | NOTE | |
r-release-linux-x86_64 | 0.1.0 | 4.80 | 47.95 | 52.75 | NOTE | |
r-release-macos-arm64 | 0.1.0 | 30.00 | NOTE | |||
r-release-windows-x86_64 | 0.1.0 | 6.00 | 61.00 | 67.00 | NOTE | |
r-oldrel-macos-arm64 | 0.1.0 | 32.00 | NOTE | |||
r-oldrel-macos-x86_64 | 0.1.0 | 47.00 | NOTE | |||
r-oldrel-windows-x86_64 | 0.1.0 | 8.00 | 68.00 | 76.00 | NOTE |
Version: 0.1.0
Check: LazyData
Result: NOTE
'LazyData' is specified without a 'data' directory
Flavors: r-devel-linux-x86_64-debian-clang, r-devel-linux-x86_64-debian-gcc, r-devel-linux-x86_64-fedora-clang, r-devel-linux-x86_64-fedora-gcc, r-devel-windows-x86_64, r-patched-linux-x86_64, r-release-linux-x86_64, r-release-macos-arm64, r-release-windows-x86_64, r-oldrel-macos-arm64, r-oldrel-macos-x86_64, r-oldrel-windows-x86_64