Last updated on 2024-03-28 06:01:36 CET.
Flavor | Version | Tinstall | Tcheck | Ttotal | Status | Flags |
---|---|---|---|---|---|---|
r-devel-linux-x86_64-debian-clang | 1.4.4 | 27.80 | 44.10 | 71.90 | NOTE | |
r-devel-linux-x86_64-debian-gcc | 1.4.4 | 19.47 | 32.83 | 52.30 | NOTE | |
r-devel-linux-x86_64-fedora-clang | 1.4.4 | 89.84 | NOTE | |||
r-devel-linux-x86_64-fedora-gcc | 1.4.4 | 87.28 | NOTE | |||
r-devel-windows-x86_64 | 1.4.4 | 20.00 | 72.00 | 92.00 | NOTE | |
r-patched-linux-x86_64 | 1.4.4 | 22.54 | 42.89 | 65.43 | NOTE | |
r-release-linux-x86_64 | 1.4.4 | 22.86 | 42.02 | 64.88 | NOTE | |
r-release-macos-arm64 | 1.4.4 | 27.00 | NOTE | |||
r-release-macos-x86_64 | 1.4.4 | 46.00 | NOTE | |||
r-release-windows-x86_64 | 1.4.4 | 25.00 | 82.00 | 107.00 | NOTE | |
r-oldrel-macos-arm64 | 1.4.4 | 22.00 | OK | |||
r-oldrel-windows-x86_64 | 1.4.4 | 25.00 | 80.00 | 105.00 | OK |
Version: 1.4.4
Check: Rd files
Result: NOTE
checkRd: (-1) cast.Rd:45: Escaped LaTeX specials: \_
checkRd: (-1) cast.Rd:46: Escaped LaTeX specials: \_
Flavors: r-devel-linux-x86_64-debian-clang, r-devel-linux-x86_64-debian-gcc, r-devel-linux-x86_64-fedora-clang, r-devel-linux-x86_64-fedora-gcc, r-devel-windows-x86_64, r-patched-linux-x86_64, r-release-linux-x86_64, r-release-macos-arm64, r-release-macos-x86_64, r-release-windows-x86_64