Last updated on 2024-05-07 06:56:05 CEST.
Flavor | Version | Tinstall | Tcheck | Ttotal | Status | Flags |
---|---|---|---|---|---|---|
r-devel-linux-x86_64-debian-clang | 0.0.1 | 0.56 | 2.17 | 2.73 | ERROR | |
r-devel-linux-x86_64-debian-gcc | 0.0.1 | 40.63 | 305.47 | 346.10 | OK | |
r-devel-linux-x86_64-fedora-clang | 0.0.1 | 611.17 | OK | |||
r-devel-linux-x86_64-fedora-gcc | 0.0.1 | 682.59 | OK | |||
r-devel-windows-x86_64 | 0.0.1 | 5.00 | 5.00 | 10.00 | ERROR | |
r-patched-linux-x86_64 | 0.0.1 | 37.96 | 387.04 | 425.00 | OK | |
r-release-linux-x86_64 | 0.0.1 | 36.28 | 376.59 | 412.87 | OK | |
r-release-macos-arm64 | 0.0.1 | 5.00 | ERROR | |||
r-release-macos-x86_64 | 0.0.1 | 7.00 | ERROR | |||
r-release-windows-x86_64 | 0.0.1 | 19.00 | 5.00 | 24.00 | ERROR | |
r-oldrel-macos-arm64 | 0.0.1 | 10.00 | ERROR | |||
r-oldrel-macos-x86_64 | 0.0.1 | 7.00 | ERROR | |||
r-oldrel-windows-x86_64 | 0.0.1 | 43.00 | 352.00 | 395.00 | OK |
Version: 0.0.1
Check: package dependencies
Result: ERROR
Packages required but not available:
'GenomicRanges', 'Rsamtools', 'BSgenome',
'BSgenome.Hsapiens.UCSC.hg38'
See section ‘The DESCRIPTION file’ in the ‘Writing R Extensions’
manual.
Flavor: r-devel-linux-x86_64-debian-clang
Version: 0.0.1
Check: whether package can be installed
Result: ERROR
Installation failed.
Flavors: r-devel-windows-x86_64, r-release-windows-x86_64
Version: 0.0.1
Check: package dependencies
Result: ERROR
Package required but not available: ‘BSgenome.Hsapiens.UCSC.hg38’
See section ‘The DESCRIPTION file’ in the ‘Writing R Extensions’
manual.
Flavors: r-release-macos-arm64, r-release-macos-x86_64, r-oldrel-macos-arm64, r-oldrel-macos-x86_64