Last updated on 2024-05-07 06:56:05 CEST.
Flavor | Version | Tinstall | Tcheck | Ttotal | Status | Flags |
---|---|---|---|---|---|---|
r-devel-linux-x86_64-debian-clang | 1.2.0 | 13.75 | 397.91 | 411.66 | OK | |
r-devel-linux-x86_64-debian-gcc | 1.2.0 | 10.68 | 310.01 | 320.69 | OK | |
r-devel-linux-x86_64-fedora-clang | 1.2.0 | 516.36 | OK | |||
r-devel-linux-x86_64-fedora-gcc | 1.2.0 | 572.73 | OK | |||
r-devel-windows-x86_64 | 1.2.0 | 14.00 | 230.00 | 244.00 | ERROR | |
r-patched-linux-x86_64 | 1.2.0 | 8.21 | 373.53 | 381.74 | OK | |
r-release-linux-x86_64 | 1.2.0 | 8.55 | 373.69 | 382.24 | OK | |
r-release-macos-arm64 | 1.2.0 | 204.00 | OK | |||
r-release-macos-x86_64 | 1.2.0 | 463.00 | OK | |||
r-release-windows-x86_64 | 1.2.0 | 13.00 | 364.00 | 377.00 | OK | |
r-oldrel-macos-arm64 | 1.2.0 | 210.00 | OK | |||
r-oldrel-macos-x86_64 | 1.2.0 | 466.00 | OK | |||
r-oldrel-windows-x86_64 | 1.2.0 | 18.00 | 423.00 | 441.00 | OK |
Version: 1.2.0
Check: re-building of vignette outputs
Result: ERROR
Error(s) in re-building vignettes:
--- re-building 'Counts.Rmd' using rmarkdown
trying URL 'https://static.nhtsa.gov/nhtsa/downloads/FARS/2021/National/FARS2021NationalSAS.zip'
Content type 'application/x-zip-compressed' length 49942611 bytes (47.6 MB)
===========================================
downloaded 41.6 MB
Quitting from lines at lines 36-37 [unnamed-chunk-2] (Counts.Rmd)
Error: processing vignette 'Counts.Rmd' failed with diagnostics:
cannot open the connection
--- failed re-building 'Counts.Rmd'
--- re-building 'Crash_sequence_of_events.Rmd' using rmarkdown
trying URL 'https://static.nhtsa.gov/nhtsa/downloads/CRSS/2021/CRSS2021SAS.zip'
Content type 'application/x-zip-compressed' length 66718214 bytes (63.6 MB)
==================================================
downloaded 63.6 MB
--- finished re-building 'Crash_sequence_of_events.Rmd'
--- re-building 'Searchable_Codebooks.Rmd' using rmarkdown
--- finished re-building 'Searchable_Codebooks.Rmd'
SUMMARY: processing the following file failed:
'Counts.Rmd'
Error: Vignette re-building failed.
Execution halted
Flavor: r-devel-windows-x86_64