Last updated on 2024-04-24 07:15:15 CEST.
Flavor | Version | Tinstall | Tcheck | Ttotal | Status | Flags |
---|---|---|---|---|---|---|
r-devel-linux-x86_64-debian-clang | 0.3.8 | 8.65 | 72.90 | 81.55 | NOTE | |
r-devel-linux-x86_64-debian-gcc | 0.3.8 | 5.70 | 54.29 | 59.99 | NOTE | |
r-devel-linux-x86_64-fedora-clang | 0.3.8 | 103.51 | NOTE | |||
r-devel-linux-x86_64-fedora-gcc | 0.3.8 | 107.95 | NOTE | |||
r-prerel-macos-arm64 | 0.3.8 | 37.00 | NOTE | |||
r-prerel-windows-x86_64 | 0.3.8 | 9.00 | 77.00 | 86.00 | NOTE | |
r-patched-linux-x86_64 | 0.3.8 | 7.25 | 69.69 | 76.94 | NOTE | |
r-release-linux-x86_64 | 0.3.8 | 7.33 | 67.93 | 75.26 | OK | |
r-release-macos-arm64 | 0.3.8 | 36.00 | OK | |||
r-release-macos-x86_64 | 0.3.8 | 53.00 | OK | |||
r-release-windows-x86_64 | 0.3.8 | 11.00 | 86.00 | 97.00 | OK | |
r-oldrel-macos-arm64 | 0.3.8 | 28.00 | OK | |||
r-oldrel-windows-x86_64 | 0.3.8 | 11.00 | 86.00 | 97.00 | OK |
Version: 0.3.8
Check: Rd files
Result: NOTE
checkRd: (-1) fs_search.Rd:76: Lost braces
76 | \\code{\link{fs_auth}} \code{\link{fs_browse}}
| ^
Flavors: r-devel-linux-x86_64-debian-clang, r-devel-linux-x86_64-debian-gcc, r-devel-linux-x86_64-fedora-clang, r-devel-linux-x86_64-fedora-gcc, r-prerel-macos-arm64, r-prerel-windows-x86_64, r-patched-linux-x86_64