Last updated on 2024-03-28 06:01:36 CET.
Flavor | Version | Tinstall | Tcheck | Ttotal | Status | Flags |
---|---|---|---|---|---|---|
r-devel-linux-x86_64-debian-clang | 1.10 | 4.32 | 39.47 | 43.79 | NOTE | |
r-devel-linux-x86_64-debian-gcc | 1.10 | 3.21 | 30.09 | 33.30 | NOTE | |
r-devel-linux-x86_64-fedora-clang | 1.10 | 53.64 | NOTE | |||
r-devel-linux-x86_64-fedora-gcc | 1.10 | 63.27 | NOTE | |||
r-devel-windows-x86_64 | 1.10 | 4.00 | 60.00 | 64.00 | OK | |
r-patched-linux-x86_64 | 1.10 | 4.00 | 36.58 | 40.58 | NOTE | |
r-release-linux-x86_64 | 1.10 | 2.63 | 37.34 | 39.97 | NOTE | |
r-release-macos-arm64 | 1.10 | 22.00 | OK | |||
r-release-macos-x86_64 | 1.10 | 33.00 | OK | |||
r-release-windows-x86_64 | 1.10 | 4.00 | 60.00 | 64.00 | OK | |
r-oldrel-macos-arm64 | 1.10 | 18.00 | OK | |||
r-oldrel-windows-x86_64 | 1.10 | 10.00 | 69.00 | 79.00 | OK |
Version: 1.10
Check: for non-standard things in the check directory
Result: NOTE
Found the following files/directories:
‘mydata.rda’ ‘thedata.rda’
Flavors: r-devel-linux-x86_64-debian-clang, r-devel-linux-x86_64-debian-gcc, r-devel-linux-x86_64-fedora-clang, r-devel-linux-x86_64-fedora-gcc, r-patched-linux-x86_64, r-release-linux-x86_64