Last updated on 2024-04-23 18:51:09 CEST.
Flavor | Version | Tinstall | Tcheck | Ttotal | Status | Flags |
---|---|---|---|---|---|---|
r-devel-linux-x86_64-debian-clang | 1.2.3 | 4.23 | 34.41 | 38.64 | OK | |
r-devel-linux-x86_64-debian-gcc | 1.2.3 | 3.62 | 24.59 | 28.21 | OK | |
r-devel-linux-x86_64-fedora-clang | 1.2.3 | 48.00 | NOTE | |||
r-devel-linux-x86_64-fedora-gcc | 1.2.3 | 45.16 | OK | |||
r-prerel-macos-arm64 | 1.2.3 | 16.00 | OK | |||
r-prerel-windows-x86_64 | 1.2.3 | 4.00 | 42.00 | 46.00 | OK | |
r-patched-linux-x86_64 | 1.2.3 | 4.80 | 32.08 | 36.88 | OK | |
r-release-linux-x86_64 | 1.2.3 | 4.18 | 32.32 | 36.50 | OK | |
r-release-macos-arm64 | 1.2.3 | 18.00 | OK | |||
r-release-macos-x86_64 | 1.2.3 | 36.00 | OK | |||
r-release-windows-x86_64 | 1.2.3 | 5.00 | 45.00 | 50.00 | OK | |
r-oldrel-macos-arm64 | 1.2.3 | 21.00 | OK | |||
r-oldrel-windows-x86_64 | 1.2.3 | 7.00 | 47.00 | 54.00 | OK |
Version: 1.2.3
Check: Rd cross-references
Result: NOTE
Undeclared package ‘utility’ in Rd xrefs
Flavor: r-devel-linux-x86_64-fedora-clang