Last updated on 2024-04-19 19:50:25 CEST.
Flavor | Version | Tinstall | Tcheck | Ttotal | Status | Flags |
---|---|---|---|---|---|---|
r-devel-linux-x86_64-debian-clang | 0.4-0 | 4.73 | 46.59 | 51.32 | NOTE | |
r-devel-linux-x86_64-debian-gcc | 0.4-0 | NOTE | ||||
r-devel-linux-x86_64-fedora-clang | 0.4-0 | 66.17 | NOTE | |||
r-devel-linux-x86_64-fedora-gcc | 0.4-0 | 62.79 | NOTE | |||
r-prerel-macos-arm64 | 0.4-0 | 25.00 | NOTE | |||
r-prerel-windows-x86_64 | 0.4-0 | 7.00 | 58.00 | 65.00 | NOTE | |
r-patched-linux-x86_64 | 0.4-0 | 5.72 | 44.59 | 50.31 | NOTE | |
r-release-linux-x86_64 | 0.4-0 | 4.89 | 44.78 | 49.67 | NOTE | |
r-release-macos-arm64 | 0.4-0 | 23.00 | NOTE | |||
r-release-macos-x86_64 | 0.4-0 | 33.00 | NOTE | |||
r-release-windows-x86_64 | 0.4-0 | 8.00 | 64.00 | 72.00 | NOTE | |
r-oldrel-macos-arm64 | 0.4-0 | 22.00 | OK | |||
r-oldrel-windows-x86_64 | 0.4-0 | 9.00 | 70.00 | 79.00 | OK |
Version: 0.4-0
Check: Rd files
Result: NOTE
checkRd: (-1) NlistServersInCategory.Rd:11: Escaped LaTeX specials: \_
Flavors: r-devel-linux-x86_64-debian-clang, r-devel-linux-x86_64-debian-gcc, r-devel-linux-x86_64-fedora-clang, r-devel-linux-x86_64-fedora-gcc, r-prerel-macos-arm64, r-prerel-windows-x86_64, r-patched-linux-x86_64, r-release-linux-x86_64, r-release-macos-arm64, r-release-macos-x86_64, r-release-windows-x86_64