Last updated on 2024-05-07 18:49:58 CEST.
Flavor | Version | Tinstall | Tcheck | Ttotal | Status | Flags |
---|---|---|---|---|---|---|
r-devel-linux-x86_64-debian-clang | 2.1.0.5 | 12.55 | 184.40 | 196.95 | OK | |
r-devel-linux-x86_64-debian-gcc | 2.1.0.5 | 8.60 | 138.93 | 147.53 | OK | |
r-devel-linux-x86_64-fedora-clang | 2.1.0.5 | 240.93 | OK | |||
r-devel-linux-x86_64-fedora-gcc | 2.1.0.5 | 312.29 | NOTE | |||
r-devel-windows-x86_64 | 2.1.0.5 | 10.00 | 168.00 | 178.00 | OK | |
r-patched-linux-x86_64 | 2.1.0.5 | 10.58 | 181.95 | 192.53 | OK | |
r-release-linux-x86_64 | 2.1.0.5 | 6.73 | 177.30 | 184.03 | OK | |
r-release-macos-arm64 | 2.1.0.5 | 108.00 | OK | |||
r-release-macos-x86_64 | 2.1.0.5 | 220.00 | OK | |||
r-release-windows-x86_64 | 2.1.0.5 | 11.00 | 163.00 | 174.00 | OK | |
r-oldrel-macos-arm64 | 2.1.0.5 | 126.00 | OK | |||
r-oldrel-macos-x86_64 | 2.1.0.5 | 185.00 | OK | |||
r-oldrel-windows-x86_64 | 2.1.0.5 | 13.00 | 201.00 | 214.00 | OK |
Version: 2.1.0.5
Check: for non-standard things in the check directory
Result: NOTE
Found the following files/directories:
‘DT’ ‘devtools’ ‘dygraphs’ ‘leaflet’
Flavor: r-devel-linux-x86_64-fedora-gcc