Last updated on 2024-03-28 17:49:40 CET.
Flavor | Version | Tinstall | Tcheck | Ttotal | Status | Flags |
---|---|---|---|---|---|---|
r-devel-linux-x86_64-debian-clang | 2.1 | 3.27 | 33.65 | 36.92 | NOTE | |
r-devel-linux-x86_64-debian-gcc | 2.1 | 3.10 | 25.35 | 28.45 | NOTE | |
r-devel-linux-x86_64-fedora-clang | 2.1 | 47.80 | NOTE | |||
r-devel-linux-x86_64-fedora-gcc | 2.1 | 57.31 | NOTE | |||
r-devel-windows-x86_64 | 2.1 | 4.00 | 48.00 | 52.00 | NOTE | |
r-patched-linux-x86_64 | 2.1 | 3.89 | 31.61 | 35.50 | NOTE | |
r-release-linux-x86_64 | 2.1 | 3.79 | 31.23 | 35.02 | OK | |
r-release-macos-arm64 | 2.1 | 22.00 | OK | |||
r-release-macos-x86_64 | 2.1 | 34.00 | OK | |||
r-release-windows-x86_64 | 2.1 | 4.00 | 45.00 | 49.00 | OK | |
r-oldrel-macos-arm64 | 2.1 | 19.00 | OK | |||
r-oldrel-windows-x86_64 | 2.1 | 5.00 | 50.00 | 55.00 | OK |
Version: 2.1
Check: Rd files
Result: NOTE
checkRd: (-1) predict.robu.Rd:36-42: Lost braces in \itemize; meant \describe ?
checkRd: (-1) predict.robu.Rd:43-49: Lost braces in \itemize; meant \describe ?
checkRd: (-1) predict.robu.Rd:50-55: Lost braces in \itemize; meant \describe ?
Flavors: r-devel-linux-x86_64-debian-clang, r-devel-linux-x86_64-debian-gcc, r-devel-linux-x86_64-fedora-clang, r-devel-linux-x86_64-fedora-gcc, r-devel-windows-x86_64, r-patched-linux-x86_64
Version: 2.1
Check: data for non-ASCII characters
Result: NOTE
Note: found 6 marked UTF-8 strings
Flavors: r-devel-linux-x86_64-fedora-clang, r-devel-linux-x86_64-fedora-gcc