Last updated on 2024-03-28 17:49:41 CET.
Flavor | Version | Tinstall | Tcheck | Ttotal | Status | Flags |
---|---|---|---|---|---|---|
r-devel-linux-x86_64-debian-clang | 4.1.23 | 13.16 | 74.12 | 87.28 | OK | |
r-devel-linux-x86_64-debian-gcc | 4.1.23 | 8.78 | 55.79 | 64.57 | OK | |
r-devel-linux-x86_64-fedora-clang | 4.1.23 | 107.50 | NOTE | |||
r-devel-linux-x86_64-fedora-gcc | 4.1.23 | 119.69 | OK | |||
r-devel-windows-x86_64 | 4.1.23 | 22.00 | 106.00 | 128.00 | OK | |
r-patched-linux-x86_64 | 4.1.23 | 12.28 | 71.26 | 83.54 | OK | |
r-release-linux-x86_64 | 4.1.23 | 11.73 | 71.94 | 83.67 | OK | |
r-release-macos-arm64 | 4.1.23 | 73.00 | OK | |||
r-release-macos-x86_64 | 4.1.23 | 168.00 | OK | |||
r-release-windows-x86_64 | 4.1.23 | 22.00 | 101.00 | 123.00 | OK | |
r-oldrel-macos-arm64 | 4.1.23 | 61.00 | OK | |||
r-oldrel-windows-x86_64 | 4.1.23 | 24.00 | 109.00 | 133.00 | OK |
Version: 4.1.23
Check: Rd cross-references
Result: NOTE
Undeclared package ‘tree’ in Rd xrefs
Flavor: r-devel-linux-x86_64-fedora-clang