Last updated on 2024-04-19 19:50:26 CEST.
Flavor | Version | Tinstall | Tcheck | Ttotal | Status | Flags |
---|---|---|---|---|---|---|
r-devel-linux-x86_64-debian-clang | 0.3.2 | 2.38 | 33.77 | 36.15 | OK | |
r-devel-linux-x86_64-debian-gcc | 0.3.2 | OK | ||||
r-devel-linux-x86_64-fedora-clang | 0.3.2 | 46.52 | NOTE | |||
r-devel-linux-x86_64-fedora-gcc | 0.3.2 | 44.44 | OK | |||
r-prerel-macos-arm64 | 0.3.2 | 25.00 | OK | |||
r-prerel-windows-x86_64 | 0.3.2 | 4.00 | 49.00 | 53.00 | OK | |
r-patched-linux-x86_64 | 0.3.2 | 3.41 | 32.68 | 36.09 | OK | |
r-release-linux-x86_64 | 0.3.2 | 2.40 | 33.10 | 35.50 | OK | |
r-release-macos-arm64 | 0.3.2 | 22.00 | OK | |||
r-release-macos-x86_64 | 0.3.2 | 34.00 | OK | |||
r-release-windows-x86_64 | 0.3.2 | 4.00 | 52.00 | 56.00 | OK | |
r-oldrel-macos-arm64 | 0.3.2 | 24.00 | OK | |||
r-oldrel-windows-x86_64 | 0.3.2 | 4.00 | 56.00 | 60.00 | OK |
Version: 0.3.2
Check: Rd cross-references
Result: NOTE
Undeclared package ‘rsoi’ in Rd xrefs
Flavor: r-devel-linux-x86_64-fedora-clang