Last updated on 2024-03-28 06:01:37 CET.
Flavor | Version | Tinstall | Tcheck | Ttotal | Status | Flags |
---|---|---|---|---|---|---|
r-devel-linux-x86_64-debian-clang | 0.2.1 | 5.05 | 59.66 | 64.71 | NOTE | |
r-devel-linux-x86_64-debian-gcc | 0.2.1 | 4.73 | 46.20 | 50.93 | NOTE | |
r-devel-linux-x86_64-fedora-clang | 0.2.1 | 80.89 | NOTE | |||
r-devel-linux-x86_64-fedora-gcc | 0.2.1 | 79.15 | NOTE | |||
r-devel-windows-x86_64 | 0.2.1 | 7.00 | 64.00 | 71.00 | NOTE | |
r-patched-linux-x86_64 | 0.2.1 | 4.95 | 59.20 | 64.15 | OK | |
r-release-linux-x86_64 | 0.2.1 | 6.00 | 58.52 | 64.52 | OK | |
r-release-macos-arm64 | 0.2.1 | 32.00 | OK | |||
r-release-macos-x86_64 | 0.2.1 | 46.00 | OK | |||
r-release-windows-x86_64 | 0.2.1 | 8.00 | 72.00 | 80.00 | OK | |
r-oldrel-macos-arm64 | 0.2.1 | 26.00 | OK | |||
r-oldrel-windows-x86_64 | 0.2.1 | 8.00 | 74.00 | 82.00 | OK |
Version: 0.2.1
Check: Rd files
Result: NOTE
checkRd: (-1) regrad.Rd:46: Lost braces; missing escapes or markup?
46 | \item \code{x-axis} {1st column: The names of the different institutions}
| ^
checkRd: (-1) regrad.Rd:47: Lost braces; missing escapes or markup?
47 | \item \code{y-axis} {2nd column: The value to show completeness}
| ^
Flavors: r-devel-linux-x86_64-debian-clang, r-devel-linux-x86_64-debian-gcc, r-devel-linux-x86_64-fedora-clang, r-devel-linux-x86_64-fedora-gcc, r-devel-windows-x86_64