Last updated on 2024-03-28 06:01:37 CET.
Flavor | Version | Tinstall | Tcheck | Ttotal | Status | Flags |
---|---|---|---|---|---|---|
r-devel-linux-x86_64-debian-clang | 1.2.1 | 7.64 | 177.79 | 185.43 | OK | |
r-devel-linux-x86_64-debian-gcc | 1.2.1 | 7.61 | 127.30 | 134.91 | OK | |
r-devel-linux-x86_64-fedora-clang | 1.2.1 | 282.95 | OK | |||
r-devel-linux-x86_64-fedora-gcc | 1.2.1 | 284.27 | OK | |||
r-devel-windows-x86_64 | 1.2.1 | 10.00 | 90.00 | 100.00 | ERROR | |
r-patched-linux-x86_64 | 1.2.1 | 10.54 | 167.35 | 177.89 | OK | |
r-release-linux-x86_64 | 1.2.1 | 9.21 | 164.61 | 173.82 | OK | |
r-release-macos-arm64 | 1.2.1 | 65.00 | OK | |||
r-release-macos-x86_64 | 1.2.1 | 141.00 | OK | |||
r-release-windows-x86_64 | 1.2.1 | 12.00 | 146.00 | 158.00 | OK | |
r-oldrel-macos-arm64 | 1.2.1 | 58.00 | OK | |||
r-oldrel-windows-x86_64 | 1.2.1 | 12.00 | 136.00 | 148.00 | OK |
Version: 1.2.1
Check: tests
Result: ERROR
Running 'testthat.R' [11s]
Running the tests in 'tests/testthat.R' failed.
Complete output:
> library(testthat)
> library(rsconnect)
>
> test_check("rsconnect")
Starting 2 test processes
Error in `private$handle_error()`:
! testthat subprocess exited in file `test-bundlePackage.R`
Caused by error:
! R session crashed with exit code -1073741784
Backtrace:
▆
1. └─testthat::test_check("rsconnect")
2. └─testthat::test_dir(...)
3. └─testthat:::test_files(...)
4. └─testthat:::test_files_parallel(...)
5. ├─withr::with_dir(...)
6. │ └─base::force(code)
7. ├─testthat::with_reporter(...)
8. │ └─base::tryCatch(...)
9. │ └─base (local) tryCatchList(expr, classes, parentenv, handlers)
10. │ └─base (local) tryCatchOne(expr, names, parentenv, handlers[[1L]])
11. │ └─base (local) doTryCatch(return(expr), name, parentenv, handler)
12. └─testthat:::parallel_event_loop_chunky(queue, reporters, ".")
13. └─queue$poll(Inf)
14. └─base::lapply(...)
15. └─testthat (local) FUN(X[[i]], ...)
16. └─private$handle_error(msg, i)
17. └─rlang::abort(...)
Execution halted
Flavor: r-devel-windows-x86_64