Last updated on 2024-04-24 07:15:16 CEST.
Flavor | Version | Tinstall | Tcheck | Ttotal | Status | Flags |
---|---|---|---|---|---|---|
r-devel-linux-x86_64-debian-clang | 0.6.6 | 7.49 | 74.75 | 82.24 | NOTE | |
r-devel-linux-x86_64-debian-gcc | 0.6.6 | 6.54 | 55.15 | 61.69 | NOTE | |
r-devel-linux-x86_64-fedora-clang | 0.6.6 | 104.79 | NOTE | |||
r-devel-linux-x86_64-fedora-gcc | 0.6.6 | 109.31 | NOTE | |||
r-prerel-macos-arm64 | 0.6.6 | 50.00 | NOTE | |||
r-prerel-windows-x86_64 | 0.6.6 | 9.00 | 80.00 | 89.00 | NOTE | |
r-patched-linux-x86_64 | 0.6.6 | 15.53 | 69.00 | 84.53 | NOTE | |
r-release-linux-x86_64 | 0.6.6 | 5.99 | 69.49 | 75.48 | NOTE | |
r-release-macos-arm64 | 0.6.6 | 40.00 | NOTE | |||
r-release-macos-x86_64 | 0.6.6 | 60.00 | NOTE | |||
r-release-windows-x86_64 | 0.6.6 | 11.00 | 89.00 | 100.00 | NOTE | |
r-oldrel-macos-arm64 | 0.6.6 | 38.00 | NOTE | |||
r-oldrel-windows-x86_64 | 0.6.6 | 11.00 | 88.00 | 99.00 | NOTE |
Version: 0.6.6
Check: LazyData
Result: NOTE
'LazyData' is specified without a 'data' directory
Flavors: r-devel-linux-x86_64-debian-clang, r-devel-linux-x86_64-debian-gcc, r-devel-linux-x86_64-fedora-clang, r-devel-linux-x86_64-fedora-gcc, r-prerel-macos-arm64, r-prerel-windows-x86_64, r-patched-linux-x86_64, r-release-linux-x86_64, r-release-macos-arm64, r-release-macos-x86_64, r-release-windows-x86_64, r-oldrel-macos-arm64, r-oldrel-windows-x86_64