Last updated on 2024-03-28 17:49:41 CET.
Flavor | Version | Tinstall | Tcheck | Ttotal | Status | Flags |
---|---|---|---|---|---|---|
r-devel-linux-x86_64-debian-clang | 2.32.1 | 2234.76 | 650.73 | 2885.49 | NOTE | |
r-devel-linux-x86_64-debian-gcc | 2.32.1 | 1822.86 | 594.63 | 2417.49 | NOTE | |
r-devel-linux-x86_64-fedora-clang | 2.32.1 | 3369.48 | NOTE | |||
r-devel-linux-x86_64-fedora-gcc | 2.32.1 | 3829.98 | NOTE | |||
r-devel-windows-x86_64 | 2.32.1 | 1114.00 | 8.00 | 1122.00 | ERROR | --no-examples --no-tests --no-vignettes |
r-patched-linux-x86_64 | 2.32.1 | 1897.54 | 791.61 | 2689.15 | NOTE | |
r-release-linux-x86_64 | 2.32.1 | 2024.35 | 774.58 | 2798.93 | NOTE | |
r-release-macos-arm64 | 2.32.1 | 584.00 | NOTE | |||
r-release-macos-x86_64 | 2.32.1 | 742.00 | NOTE | |||
r-release-windows-x86_64 | 2.32.1 | 1551.00 | 288.00 | 1839.00 | NOTE | --no-examples --no-tests --no-vignettes |
r-oldrel-macos-arm64 | 2.32.1 | 590.00 | NOTE | |||
r-oldrel-windows-x86_64 | 2.32.1 | 1578.00 | 268.00 | 1846.00 | NOTE | --no-examples --no-tests --no-vignettes |
Version: 2.32.1
Check: for GNU extensions in Makefiles
Result: NOTE
GNU make is a SystemRequirements.
Flavors: r-devel-linux-x86_64-debian-clang, r-devel-linux-x86_64-debian-gcc, r-devel-linux-x86_64-fedora-clang, r-devel-linux-x86_64-fedora-gcc, r-patched-linux-x86_64, r-release-linux-x86_64, r-release-macos-arm64, r-release-macos-x86_64, r-oldrel-macos-arm64
Version: 2.32.1
Check: installed package size
Result: NOTE
installed size is 27.8Mb
sub-directories of 1Mb or more:
R 1.8Mb
doc 4.8Mb
libs 20.4Mb
Flavors: r-devel-linux-x86_64-fedora-clang, r-release-macos-arm64, r-release-macos-x86_64, r-oldrel-macos-arm64
Version: 2.32.1
Flags: --no-examples --no-tests --no-vignettes
Check: whether package can be installed
Result: ERROR
Installation failed.
Flavor: r-devel-windows-x86_64
Version: 2.32.1
Flags: --no-examples --no-tests --no-vignettes
Check: installed package size
Result: NOTE
installed size is 18.9Mb
sub-directories of 1Mb or more:
R 1.9Mb
doc 4.7Mb
libs 11.6Mb
Flavors: r-release-windows-x86_64, r-oldrel-windows-x86_64
Version: 2.32.1
Flags: --no-examples --no-tests --no-vignettes
Check: for GNU extensions in Makefiles
Result: NOTE
GNU make is a SystemRequirements.
Flavors: r-release-windows-x86_64, r-oldrel-windows-x86_64