Last updated on 2024-03-28 06:01:37 CET.
Flavor | Version | Tinstall | Tcheck | Ttotal | Status | Flags |
---|---|---|---|---|---|---|
r-devel-linux-x86_64-debian-clang | 2.6.0 | 4.05 | 34.47 | 38.52 | OK | |
r-devel-linux-x86_64-debian-gcc | 2.6.0 | 2.66 | 26.34 | 29.00 | OK | |
r-devel-linux-x86_64-fedora-clang | 2.6.0 | 50.91 | OK | |||
r-devel-linux-x86_64-fedora-gcc | 2.6.0 | 62.26 | OK | |||
r-devel-windows-x86_64 | 2.6.0 | 31.00 | 246.00 | 277.00 | NOTE | |
r-patched-linux-x86_64 | 2.6.0 | 3.66 | 31.50 | 35.16 | OK | |
r-release-linux-x86_64 | 2.6.0 | 3.75 | 32.09 | 35.84 | OK | |
r-release-macos-arm64 | 2.6.0 | 43.00 | NOTE | |||
r-release-macos-x86_64 | 2.6.0 | 92.00 | NOTE | |||
r-release-windows-x86_64 | 2.6.0 | 29.00 | 296.00 | 325.00 | NOTE | |
r-oldrel-macos-arm64 | 2.6.0 | 43.00 | NOTE | |||
r-oldrel-windows-x86_64 | 2.6.0 | 24.00 | 211.00 | 235.00 | NOTE |
Version: 2.6.0
Check: installed package size
Result: NOTE
installed size is 19.1Mb
sub-directories of 1Mb or more:
libs 18.7Mb
Flavors: r-devel-windows-x86_64, r-release-macos-arm64, r-release-macos-x86_64, r-release-windows-x86_64, r-oldrel-macos-arm64, r-oldrel-windows-x86_64