Last updated on 2024-04-18 18:58:01 CEST.
Flavor | Version | Tinstall | Tcheck | Ttotal | Status | Flags |
---|---|---|---|---|---|---|
r-devel-linux-x86_64-debian-clang | 0.4-14.1 | 3.38 | 51.38 | 54.76 | NOTE | |
r-devel-linux-x86_64-debian-gcc | 0.4-14.1 | 2.87 | 39.17 | 42.04 | NOTE | |
r-devel-linux-x86_64-fedora-clang | 0.4-14.1 | 70.08 | NOTE | |||
r-devel-linux-x86_64-fedora-gcc | 0.4-14.1 | 80.49 | NOTE | |||
r-prerel-macos-arm64 | 0.4-14.1 | 30.00 | OK | |||
r-prerel-windows-x86_64 | 0.4-14.1 | 4.00 | 73.00 | 77.00 | OK | |
r-patched-linux-x86_64 | 0.4-14.1 | 2.60 | 49.09 | 51.69 | NOTE | |
r-release-linux-x86_64 | 0.4-14.1 | 3.32 | 48.91 | 52.23 | NOTE | |
r-release-macos-arm64 | 0.4-14.1 | 33.00 | OK | |||
r-release-macos-x86_64 | 0.4-14.1 | 56.00 | OK | |||
r-release-windows-x86_64 | 0.4-14.1 | 5.00 | 73.00 | 78.00 | OK | |
r-oldrel-macos-arm64 | 0.4-14.1 | 36.00 | OK | |||
r-oldrel-windows-x86_64 | 0.4-14.1 | 5.00 | 75.00 | 80.00 | OK |
Version: 0.4-14.1
Check: for non-standard things in the check directory
Result: NOTE
Found the following files/directories:
‘test_addPageBreak.doc’ ‘test_addPlot.doc’ ‘test_addSessionInfo.doc’
‘test_addTable.doc’
Flavors: r-devel-linux-x86_64-debian-clang, r-devel-linux-x86_64-debian-gcc, r-devel-linux-x86_64-fedora-clang, r-devel-linux-x86_64-fedora-gcc, r-patched-linux-x86_64, r-release-linux-x86_64