Last updated on 2024-04-26 18:55:15 CEST.
Flavor | Version | Tinstall | Tcheck | Ttotal | Status | Flags |
---|---|---|---|---|---|---|
r-devel-linux-x86_64-debian-clang | 0.2.6.1 | 61.07 | 37.46 | 98.53 | NOTE | |
r-devel-linux-x86_64-debian-gcc | 0.2.6.1 | 54.54 | 27.93 | 82.47 | NOTE | |
r-devel-linux-x86_64-fedora-clang | 0.2.6.1 | 135.00 | NOTE | |||
r-devel-linux-x86_64-fedora-gcc | 0.2.6.1 | 146.34 | NOTE | |||
r-devel-windows-x86_64 | 0.2.6.1 | 45.00 | 81.00 | 126.00 | NOTE | |
r-patched-linux-x86_64 | 0.2.6.1 | 67.81 | 34.50 | 102.31 | NOTE | |
r-release-linux-x86_64 | 0.2.6.1 | 64.87 | 35.97 | 100.84 | NOTE | |
r-release-macos-arm64 | 0.2.6.1 | 38.00 | NOTE | |||
r-release-windows-x86_64 | 0.2.6.1 | 47.00 | 82.00 | 129.00 | NOTE | |
r-oldrel-macos-arm64 | 0.2.6.1 | 42.00 | NOTE | |||
r-oldrel-macos-x86_64 | 0.2.6.1 | 68.00 | NOTE | |||
r-oldrel-windows-x86_64 | 0.2.6.1 | 43.00 | 84.00 | 127.00 | NOTE |
Version: 0.2.6.1
Check: C++ specification
Result: NOTE
Specified C++11: please drop specification unless essential
Flavors: r-devel-linux-x86_64-debian-clang, r-devel-linux-x86_64-debian-gcc, r-devel-linux-x86_64-fedora-clang, r-devel-linux-x86_64-fedora-gcc, r-devel-windows-x86_64, r-patched-linux-x86_64, r-release-linux-x86_64, r-release-macos-arm64, r-release-windows-x86_64, r-oldrel-macos-arm64, r-oldrel-macos-x86_64, r-oldrel-windows-x86_64
Version: 0.2.6.1
Check: installed package size
Result: NOTE
installed size is 7.2Mb
sub-directories of 1Mb or more:
libs 7.1Mb
Flavors: r-release-macos-arm64, r-oldrel-macos-arm64, r-oldrel-macos-x86_64