Last updated on 2024-04-19 06:56:30 CEST.
Flavor | Version | Tinstall | Tcheck | Ttotal | Status | Flags |
---|---|---|---|---|---|---|
r-devel-linux-x86_64-debian-clang | 1.6.10 | 33.50 | 76.87 | 110.37 | OK | |
r-devel-linux-x86_64-debian-gcc | 1.6.10 | OK | ||||
r-devel-linux-x86_64-fedora-clang | 1.6.10 | 144.05 | OK | |||
r-devel-linux-x86_64-fedora-gcc | 1.6.10 | 163.15 | OK | |||
r-prerel-macos-arm64 | 1.6.10 | 56.00 | NOTE | |||
r-prerel-windows-x86_64 | 1.6.10 | 32.00 | 169.00 | 201.00 | OK | |
r-patched-linux-x86_64 | 1.6.10 | 38.17 | 73.42 | 111.59 | OK | |
r-release-linux-x86_64 | 1.6.10 | 35.94 | 72.08 | 108.02 | OK | |
r-release-macos-arm64 | 1.6.10 | 93.00 | NOTE | |||
r-release-macos-x86_64 | 1.6.10 | 186.00 | NOTE | |||
r-release-windows-x86_64 | 1.6.10 | 37.00 | 170.00 | 207.00 | OK | |
r-oldrel-macos-arm64 | 1.6.10 | 69.00 | NOTE | |||
r-oldrel-windows-x86_64 | 1.6.10 | 37.00 | 159.00 | 196.00 | OK |
Version: 1.6.10
Check: installed package size
Result: NOTE
installed size is 6.0Mb
sub-directories of 1Mb or more:
libs 2.3Mb
projects 2.9Mb
Flavors: r-prerel-macos-arm64, r-release-macos-arm64, r-release-macos-x86_64, r-oldrel-macos-arm64