Last updated on 2024-04-18 18:58:02 CEST.
Flavor | Version | Tinstall | Tcheck | Ttotal | Status | Flags |
---|---|---|---|---|---|---|
r-devel-linux-x86_64-debian-clang | 1.1-14 | 40.74 | 326.18 | 366.92 | NOTE | |
r-devel-linux-x86_64-debian-gcc | 1.1-14 | 37.22 | 223.31 | 260.53 | NOTE | |
r-devel-linux-x86_64-fedora-clang | 1.1-14 | 443.71 | NOTE | |||
r-devel-linux-x86_64-fedora-gcc | 1.1-14 | 439.55 | NOTE | |||
r-prerel-macos-arm64 | 1.1-14 | 99.00 | NOTE | |||
r-prerel-windows-x86_64 | 1.1-14 | 34.00 | 191.00 | 225.00 | NOTE | |
r-patched-linux-x86_64 | 1.1-14 | 47.91 | 297.38 | 345.29 | NOTE | |
r-release-linux-x86_64 | 1.1-14 | 33.40 | 302.14 | 335.54 | OK | |
r-release-macos-arm64 | 1.1-14 | 106.00 | OK | |||
r-release-macos-x86_64 | 1.1-14 | 306.00 | OK | |||
r-release-windows-x86_64 | 1.1-14 | 49.00 | 259.00 | 308.00 | OK | |
r-oldrel-macos-arm64 | 1.1-14 | 90.00 | OK | |||
r-oldrel-windows-x86_64 | 1.1-14 | 51.00 | 241.00 | 292.00 | OK |
Version: 1.1-14
Check: Rd files
Result: NOTE
checkRd: (-1) rts.Rd:32: Lost braces
32 | If a name of a raster time series file is provided for the \code{x} argument, it acts the same as code{\link[rts]{read.rts}}.
| ^
Flavors: r-devel-linux-x86_64-debian-clang, r-devel-linux-x86_64-debian-gcc, r-devel-linux-x86_64-fedora-clang, r-devel-linux-x86_64-fedora-gcc, r-prerel-macos-arm64, r-prerel-windows-x86_64, r-patched-linux-x86_64
Version: 1.1-14
Check: Rd cross-references
Result: NOTE
Undeclared package ‘sp’ in Rd xrefs
Flavor: r-devel-linux-x86_64-fedora-clang